000
CDUS46 KHNX 220824
CLIMCE


CLIMATE REPORT
NATIONAL WEATHER SERVICE SAN JOAQUIN VALLEY, CA
123 AM PDT SUN APR 22 2018


...................................

...THE MERCED  CA CLIMATE SUMMARY FOR APRIL 21 2018...

CLIMATE NORMAL PERIOD 1981 TO 2010
CLIMATE RECORD PERIOD 1998 TO 2018


WEATHER ITEM   OBSERVED TIME   RECORD YEAR NORMAL DEPARTURE
                VALUE   (LST)  VALUE       VALUE  FROM
                                                  NORMAL
...............................................................
TEMPERATURE (F)
 YESTERDAY
  MAXIMUM         82    402 PM  95    2009  75      7
  MINIMUM         45    523 AM  35    2008  46     -1
  AVERAGE         64                        60      4

PRECIPITATION (IN)
  YESTERDAY        0.00          0.31 2010   0.04  -0.04
  MONTH TO DATE    1.25                      0.70   0.55
  SINCE OCT 1      6.91                     11.23  -4.32
  SINCE JAN 1      5.80                      7.72  -1.92

SNOWFALL (IN)
  YESTERDAY        0.0
  MONTH TO DATE    0.0
  SINCE MAR 1      0.0
  SINCE JUL 1      0.0
  SNOW DEPTH       0

DEGREE DAYS
 HEATING
  YESTERDAY        1
  MONTH TO DATE  130
  SINCE MAR 1    475
  SINCE JUL 1   2265

 COOLING
  YESTERDAY        0
  MONTH TO DATE    2
  SINCE MAR 1      2
  SINCE JAN 1      2
...............................................................


WIND (MPH)
  HIGHEST WIND SPEED    13   HIGHEST WIND DIRECTION    NW (330)
  HIGHEST GUST SPEED    16   HIGHEST GUST DIRECTION    NW (330)
  AVERAGE WIND SPEED     3.2




RELATIVE HUMIDITY (PERCENT)
 HIGHEST    93
 LOWEST     30
 AVERAGE    62

..........................................................


THE MERCED  CA CLIMATE NORMALS FOR TODAY
                         NORMAL    RECORD    YEAR
 MAXIMUM TEMPERATURE (F)   75        95      2012
                                             2009
 MINIMUM TEMPERATURE (F)   46        41      2008


SUNRISE AND SUNSET
APRIL 22 2018.........SUNRISE   618 AM PDT   SUNSET   744 PM PDT
APRIL 23 2018.........SUNRISE   617 AM PDT   SUNSET   745 PM PDT


-  INDICATES NEGATIVE NUMBERS.
R  INDICATES RECORD WAS SET OR TIED.
MM INDICATES DATA IS MISSING.
T  INDICATES TRACE AMOUNT.




$$
