000
CDUS44 KJAN 220702
CLIMEI


CLIMATE REPORT
NATIONAL WEATHER SERVICE JACKSON MS
200 AM CDT SUN APR 22 2018


...................................

...THE MERIDIAN CLIMATE SUMMARY FOR APRIL 21 2018...

CLIMATE NORMAL PERIOD 1981 TO 2010
CLIMATE RECORD PERIOD 1889 TO 2018


WEATHER ITEM   OBSERVED TIME   RECORD YEAR NORMAL DEPARTURE LAST
                VALUE   (LST)  VALUE       VALUE  FROM      YEAR
                                                  NORMAL
..................................................................
TEMPERATURE (F)
 YESTERDAY
  MAXIMUM         78    358 PM  95    1987  77      1       87
  MINIMUM         45    406 AM  32    1953  51     -6       60
  AVERAGE         62                        64     -2       74

PRECIPITATION (IN)
  YESTERDAY        0.00          3.97 1977   0.15  -0.15     0.00
  MONTH TO DATE    4.90                      3.46   1.44     5.01
  SINCE MAR 1     10.25                      8.88   1.37    10.78
  SINCE JAN 1     22.19                     19.61   2.58    20.35

SNOWFALL (IN)
  YESTERDAY        0.0           0.0    MM   0.0    0.0      0.0
  MONTH TO DATE    0.0                       0.1   -0.1      0.0
  SINCE MAR 1      0.0                       0.3   -0.3      0.0
  SINCE JUL 1      5.3                       0.6    4.7      0.8

DEGREE DAYS
 HEATING
  YESTERDAY        3                         3      0        0
  MONTH TO DATE  108                       108      0       22
  SINCE MAR 1    339                       415    -76      212
  SINCE JUL 1   2092                      2512   -420     1340

 COOLING
  YESTERDAY        0                         2     -2        9
  MONTH TO DATE   24                        33     -9       93
  SINCE MAR 1     68                        50     18      167
  SINCE JAN 1    142                        57     85      213
..................................................................


WIND (MPH)
  HIGHEST WIND SPEED    16   HIGHEST WIND DIRECTION    SE (150)
  HIGHEST GUST SPEED    23   HIGHEST GUST DIRECTION    SE (140)
  AVERAGE WIND SPEED     7.1


SKY COVER
  POSSIBLE SUNSHINE  MM
  AVERAGE SKY COVER 0.3


WEATHER CONDITIONS
 THE FOLLOWING WEATHER WAS RECORDED YESTERDAY.
  NO SIGNIFICANT WEATHER WAS OBSERVED.


RELATIVE HUMIDITY (PERCENT)
 HIGHEST    93           100 AM
 LOWEST     42           400 PM
 AVERAGE    68

..........................................................


THE MERIDIAN CLIMATE NORMALS FOR TODAY
                         NORMAL    RECORD    YEAR
 MAXIMUM TEMPERATURE (F)   78        91      1955
 MINIMUM TEMPERATURE (F)   51        35      1993


SUNRISE AND SUNSET
APRIL 22 2018.........SUNRISE   618 AM CDT   SUNSET   730 PM CDT
APRIL 23 2018.........SUNRISE   617 AM CDT   SUNSET   730 PM CDT


-  INDICATES NEGATIVE NUMBERS.
R  INDICATES RECORD WAS SET OR TIED.
MM INDICATES DATA IS MISSING.
T  INDICATES TRACE AMOUNT.




$$
