677
CDUS41 KCLE 210537
CLIMFD


CLIMATE REPORT
NATIONAL WEATHER SERVICE CLEVELAND OH
126 AM EDT MON MAY 21 2018


...................................

...THE MANSFIELD OH CLIMATE SUMMARY FOR MAY 20 2018...

CLIMATE NORMAL PERIOD 1981 TO 2010
CLIMATE RECORD PERIOD 1916 TO 2018


WEATHER ITEM   OBSERVED TIME   RECORD YEAR NORMAL DEPARTURE LAST
                VALUE   (LST)  VALUE       VALUE  FROM      YEAR
                                                  NORMAL
..................................................................
TEMPERATURE (F)
 YESTERDAY
  MAXIMUM         68    451 PM  89    1962  71     -3       70
  MINIMUM         54   1159 PM  32    1945  49      5       50
  AVERAGE         61                        60      1       60

PRECIPITATION (IN)
  YESTERDAY        0.00                      0.16  -0.16     0.24
  MONTH TO DATE    1.86                      2.78  -0.92     4.09
  SINCE MAR 1      9.71                     10.31  -0.60    11.85
  SINCE JAN 1     16.86                     15.57   1.29    19.71

SNOWFALL (IN)
  YESTERDAY        0.0                       0.0    0.0      0.0
  MONTH TO DATE    0.0                       0.0    0.0      0.0
  SINCE MAR 1     16.3                      10.4    5.9     15.0
  SINCE JUL 1     46.3                      48.3   -2.0     36.6
  SNOW DEPTH       0

DEGREE DAYS
 HEATING
  YESTERDAY        4                         7     -3        5
  MONTH TO DATE   40                       175   -135      201
  SINCE MAR 1   1638                      1535    103     1306
  SINCE JUL 1   5958                      6160   -202     4976

 COOLING
  YESTERDAY        0                         1     -1        0
  MONTH TO DATE   31                        15     16       26
  SINCE MAR 1     36                        23     13       44
  SINCE JAN 1     37                        23     14       44
..................................................................


WIND (MPH)
  HIGHEST WIND SPEED    13   HIGHEST WIND DIRECTION     N (350)
  HIGHEST GUST SPEED    15   HIGHEST GUST DIRECTION     W (280)
  AVERAGE WIND SPEED     6.9


SKY COVER
  POSSIBLE SUNSHINE  MM
  AVERAGE SKY COVER 0.8


WEATHER CONDITIONS
 THE FOLLOWING WEATHER WAS RECORDED YESTERDAY.
  FOG


RELATIVE HUMIDITY (PERCENT)
 HIGHEST   100          1200 AM
 LOWEST     73           200 PM
 AVERAGE    87

..........................................................


THE MANSFIELD OH CLIMATE NORMALS FOR TODAY
                         NORMAL    RECORD    YEAR
 MAXIMUM TEMPERATURE (F)   71        89      1941
                                             1934
 MINIMUM TEMPERATURE (F)   50        31      1958


SUNRISE AND SUNSET
MAY 21 2018...........SUNRISE   608 AM EDT   SUNSET   846 PM EDT
MAY 22 2018...........SUNRISE   607 AM EDT   SUNSET   847 PM EDT


-  INDICATES NEGATIVE NUMBERS.
R  INDICATES RECORD WAS SET OR TIED.
MM INDICATES DATA IS MISSING.
T  INDICATES TRACE AMOUNT.




$$
