000
CDUS44 KBMX 230746
CLIMGM


CLIMATE REPORT
NATIONAL WEATHER SERVICE BIRMINGHAM, AL
245 AM CDT WED MAY 23 2018


...................................

...THE MONTGOMERY CLIMATE SUMMARY FOR MAY 22 2018...

CLIMATE NORMAL PERIOD 1981 TO 2010
CLIMATE RECORD PERIOD 1872 TO 2018


WEATHER ITEM   OBSERVED TIME   RECORD YEAR NORMAL DEPARTURE LAST
                VALUE   (LST)  VALUE       VALUE  FROM      YEAR
                                                  NORMAL
..................................................................
TEMPERATURE (F)
 YESTERDAY
  MAXIMUM         86   1242 PM  96    1962  86      0       84
  MINIMUM         71    603 AM  42    1993  63      8       72
  AVERAGE         79                        74      5       78

PRECIPITATION (IN)
  YESTERDAY        0.51          1.98 1916   0.12   0.39     0.23
  MONTH TO DATE    0.92                      2.55  -1.63    10.81
  SINCE MAR 1      8.06                     12.52  -4.46    17.29
  SINCE JAN 1     17.05                     22.45  -5.40    31.99

DEGREE DAYS
 COOLING
  YESTERDAY       14                         9      5       13
  MONTH TO DATE  231                       144     87      178
  SINCE MAR 1    296                       239     57      447
  SINCE JAN 1    361                       245    116      493
..................................................................


WIND (MPH)
  HIGHEST WIND SPEED    15   HIGHEST WIND DIRECTION    NE (30)
  HIGHEST GUST SPEED    18   HIGHEST GUST DIRECTION    SW (230)
  AVERAGE WIND SPEED     4.7


SKY COVER
  AVERAGE SKY COVER 0.7


WEATHER CONDITIONS
 THE FOLLOWING WEATHER WAS RECORDED YESTERDAY.
  HEAVY RAIN
  RAIN
  LIGHT RAIN
  FOG
  HAZE


RELATIVE HUMIDITY (PERCENT)
 HIGHEST   100           400 AM
 LOWEST     65          1200 PM
 AVERAGE    83

..........................................................


THE MONTGOMERY CLIMATE NORMALS FOR TODAY
                         NORMAL    RECORD    YEAR
 MAXIMUM TEMPERATURE (F)   86        96      1941
 MINIMUM TEMPERATURE (F)   63        44      1883


SUNRISE AND SUNSET
MAY 23 2018...........SUNRISE   543 AM CDT   SUNSET   742 PM CDT
MAY 24 2018...........SUNRISE   543 AM CDT   SUNSET   743 PM CDT


-  INDICATES NEGATIVE NUMBERS.
R  INDICATES RECORD WAS SET OR TIED.
MM INDICATES DATA IS MISSING.
T  INDICATES TRACE AMOUNT.




$$
