000
CDUS46 KMFR 280037
CLIMHS


CLIMATE REPORT
NATIONAL WEATHER SERVICE MEDFORD, OR
537 PM PDT SUN MAY 27 2018


...................................

...THE MT SHASTA CITY CA CLIMATE SUMMARY FOR MAY 27 2018...
VALID TODAY AS OF 0500 PM LOCAL TIME.

CLIMATE NORMAL PERIOD 1981 TO 2010
CLIMATE RECORD PERIOD 1908 TO 2018


WEATHER ITEM   OBSERVED TIME   RECORD YEAR NORMAL DEPARTURE LAST
                VALUE   (LST)  VALUE       VALUE  FROM      YEAR
                                                  NORMAL
..................................................................
TEMPERATURE (F)
 TODAY
  MAXIMUM         74    304 PM  90    1983  72      2       83
  MINIMUM         44    435 AM  19    1927  42      2       40
  AVERAGE         59                        57      2       62

PRECIPITATION (IN)
  TODAY            0.00          2.29 1990   0.07  -0.07     0.00
  MONTH TO DATE    2.07                      1.94   0.13     0.17
  SINCE OCT 1     20.37                     40.33 -19.96    58.11
  SINCE JAN 1     14.54                     25.12 -10.58    36.95

SNOWFALL (IN)
  TODAY           MM                         0.0   MM       MM
  MONTH TO DATE    0.0                       0.3   -0.3     MM
  SINCE JUL 1      0.0                      91.8  -91.8     MM
  SNOW DEPTH      MM

DEGREE DAYS
 HEATING
  TODAY            6                         8     -2        3
  MONTH TO DATE  178                       304   -126      228
  SINCE MAR 1   1453                      1544    -91     1408
  SINCE JUL 1   5051                      5519   -468     5305

 COOLING
  TODAY            0                         0      0        0
  MONTH TO DATE    0                         0      0       10
  SINCE MAR 1      0                         0      0       10
  SINCE JAN 1      0                         0      0       10
..................................................................


WIND (MPH)
  HIGHEST WIND SPEED    12   HIGHEST WIND DIRECTION     N (10)
  HIGHEST GUST SPEED    21   HIGHEST GUST DIRECTION     N (10)
  AVERAGE WIND SPEED     6.5


SKY COVER
  POSSIBLE SUNSHINE  MM
  AVERAGE SKY COVER 0.0


WEATHER CONDITIONS
 THE FOLLOWING WEATHER WAS RECORDED TODAY.
  NO SIGNIFICANT WEATHER WAS OBSERVED.


RELATIVE HUMIDITY (PERCENT)
 HIGHEST    83           300 AM
 LOWEST     33           200 PM

..........................................................


THE MT SHASTA CITY CA CLIMATE NORMALS FOR TOMORROW
                         NORMAL    RECORD    YEAR
 MAXIMUM TEMPERATURE (F)   72        94      1984
 MINIMUM TEMPERATURE (F)   42        27      1909
                                             1977


SUNRISE AND SUNSET
MAY 27 2018...........SUNRISE   541 AM PDT   SUNSET   832 PM PDT
MAY 28 2018...........SUNRISE   540 AM PDT   SUNSET   833 PM PDT


-  INDICATES NEGATIVE NUMBERS.
R  INDICATES RECORD WAS SET OR TIED.
MM INDICATES DATA IS MISSING.
T  INDICATES TRACE AMOUNT.




$$
