421
CDUS44 KMEG 232149
CLIMKL


CLIMATE REPORT
NATIONAL WEATHER SERVICE MEMPHIS TN
449 PM CDT WED MAY 23 2018


...................................

...THE JACKSON CLIMATE SUMMARY FOR MAY 23 2018...
VALID TODAY AS OF 0400 PM LOCAL TIME.

CLIMATE NORMAL PERIOD 1981 TO 2010
CLIMATE RECORD PERIOD 1948 TO 2018


WEATHER ITEM   OBSERVED TIME   RECORD YEAR NORMAL DEPARTURE LAST
                VALUE   (LST)  VALUE       VALUE  FROM      YEAR
                                                  NORMAL
..................................................................
TEMPERATURE (F)
 TODAY
  MAXIMUM         89    251 PM  93    1996  82      7       79
  MINIMUM         67    444 AM  40    1963  59      8       62
  AVERAGE         78                        70      8       71

PRECIPITATION (IN)
  TODAY            0.00          1.21 1984   0.18  -0.18     0.00
  MONTH TO DATE    3.15                      4.24  -1.09     1.44
  SINCE MAR 1     14.48                     13.85   0.63    14.89
  SINCE JAN 1     33.19                     22.09  11.10    19.72

DEGREE DAYS
 HEATING
  TODAY            0                         1     -1        0
  MONTH TO DATE    1                        42    -41       39
  SINCE MAR 1    754                       684     70      477
  SINCE JUL 1   3497                      3568    -71     2517

 COOLING
  TODAY           13                         6      7        6
  MONTH TO DATE  218                       100    118      108
  SINCE MAR 1    233                       158     75      210
  SINCE JAN 1    251                       159     92      212
..................................................................


WIND (MPH)
  HIGHEST WIND SPEED    10   HIGHEST WIND DIRECTION     E (70)
  HIGHEST GUST SPEED    14   HIGHEST GUST DIRECTION    NE (30)
  AVERAGE WIND SPEED     2.8


SKY COVER
  POSSIBLE SUNSHINE  MM
  AVERAGE SKY COVER 0.5


WEATHER CONDITIONS
 THE FOLLOWING WEATHER WAS RECORDED TODAY.
  FOG
  FOG W/VISIBILITY <= 1/4 MILE


RELATIVE HUMIDITY (PERCENT)
 HIGHEST   100          1200 AM
 LOWEST     52           200 PM
 AVERAGE    76

..........................................................


THE JACKSON CLIMATE NORMALS FOR TOMORROW
                         NORMAL    RECORD    YEAR
 MAXIMUM TEMPERATURE (F)   82        94      1962
 MINIMUM TEMPERATURE (F)   60        44      1963


SUNRISE AND SUNSET
MAY 23 2018...........SUNRISE   545 AM CDT   SUNSET   800 PM CDT
MAY 24 2018...........SUNRISE   545 AM CDT   SUNSET   801 PM CDT


-  INDICATES NEGATIVE NUMBERS.
R  INDICATES RECORD WAS SET OR TIED.
MM INDICATES DATA IS MISSING.
T  INDICATES TRACE AMOUNT.




$$
