000
CDUS41 KPHI 210552
CLIMPO


CLIMATE REPORT
NATIONAL WEATHER SERVICE MOUNT HOLLY NJ
152 AM EDT SAT APR 21 2018


...................................

...THE MOUNT POCONO PA CLIMATE SUMMARY FOR APRIL 20 2018...

CLIMATE NORMAL PERIOD 1981 TO 2010
CLIMATE RECORD PERIOD 1901 TO 2018


WEATHER ITEM   OBSERVED TIME   RECORD YEAR NORMAL DEPARTURE LAST
                VALUE   (LST)  VALUE       VALUE  FROM      YEAR
                                                  NORMAL
..................................................................
TEMPERATURE (F)
 YESTERDAY
  MAXIMUM         38    452 PM  85    1941  57    -19       63
  MINIMUM         26    530 AM  17    1904  37    -11       46
  AVERAGE         32                        47    -15       55

PRECIPITATION (IN)
  YESTERDAY        T             1.92 1998   0.11  -0.11     0.03
  MONTH TO DATE    3.00                      2.90   0.10     2.83
  SINCE MAR 1      5.47                      6.73  -1.26     6.62
  SINCE JAN 1     15.10                     11.99   3.11    11.58

DEGREE DAYS
 HEATING
  YESTERDAY       33                        18     15       10
  MONTH TO DATE  574                       434    140      324
  SINCE MAR 1   1689                      1409    280     1424
  SINCE JUL 1   6650                      6532    118     6027

 COOLING
  YESTERDAY        0                         0      0        0
  MONTH TO DATE    0                         0      0        3
  SINCE MAR 1      0                         0      0        3
  SINCE JAN 1      0                         0      0        3
..................................................................


WIND (MPH)
  HIGHEST WIND SPEED    31   HIGHEST WIND DIRECTION    NW (300)
  HIGHEST GUST SPEED    37   HIGHEST GUST DIRECTION    NW (300)
  AVERAGE WIND SPEED    17.3


SKY COVER
  POSSIBLE SUNSHINE  MM
  AVERAGE SKY COVER 0.5


WEATHER CONDITIONS
 THE FOLLOWING WEATHER WAS RECORDED YESTERDAY.
  LIGHT SNOW
  FOG


RELATIVE HUMIDITY (PERCENT)
 HIGHEST    84           200 AM
 LOWEST     52           400 PM
 AVERAGE    68

..........................................................


THE MOUNT POCONO PA CLIMATE NORMALS FOR TODAY
                         NORMAL    RECORD    YEAR
 MAXIMUM TEMPERATURE (F)   58        78      1976
 MINIMUM TEMPERATURE (F)   37        11      1908


SUNRISE AND SUNSET
APRIL 21 2018.........SUNRISE   613 AM EDT   SUNSET   748 PM EDT
APRIL 22 2018.........SUNRISE   612 AM EDT   SUNSET   749 PM EDT


-  INDICATES NEGATIVE NUMBERS.
R  INDICATES RECORD WAS SET OR TIED.
MM INDICATES DATA IS MISSING.
T  INDICATES TRACE AMOUNT.




$$
