000
CDUS41 KLWX 260534
CLIMRB


CLIMATE REPORT
NATIONAL WEATHER SERVICE BALTIMORE MD/WASHINGTON DC
134 AM EDT THU APR 26 2018


...................................

...THE MARTINSBURG WV CLIMATE SUMMARY FOR APRIL 25 2018...

CLIMATE NORMAL PERIOD 1981 TO 2010
CLIMATE RECORD PERIOD 1926 TO 2018


WEATHER ITEM   OBSERVED TIME   NORMAL DEPARTURE LAST
                VALUE   (LST)  VALUE  FROM      YEAR
                                      NORMAL
......................................................
TEMPERATURE (F)
 YESTERDAY
  MAXIMUM         69    354 PM  67      2       56
  MINIMUM         51    636 AM  44      7       49
  AVERAGE         60            55      5       53

PRECIPITATION (IN)
  YESTERDAY        0.06          0.12  -0.06     0.22
  MONTH TO DATE    3.27          2.77   0.50     2.35
  SINCE MAR 1      4.96          6.29  -1.33     5.13
  SINCE JAN 1     11.15         11.07   0.08     9.51

DEGREE DAYS
 HEATING
  YESTERDAY        5            10     -5       12
  MONTH TO DATE  401           339     62      201
  SINCE MAR 1   1225          1053    172      883
  SINCE JUL 1   4790          5009   -219     3961

 COOLING
  YESTERDAY        0             0      0        0
  MONTH TO DATE   16             0     16       25
  SINCE MAR 1     16             1     15       28
  SINCE JAN 1     21             1     20       28
......................................................


WIND (MPH)
  HIGHEST WIND SPEED    21   HIGHEST WIND DIRECTION    NW (310)
  HIGHEST GUST SPEED    29   HIGHEST GUST DIRECTION    NW (320)
  AVERAGE WIND SPEED     8.2


SKY COVER
  POSSIBLE SUNSHINE  MM
  AVERAGE SKY COVER 0.9


WEATHER CONDITIONS
 THE FOLLOWING WEATHER WAS RECORDED YESTERDAY.
  LIGHT RAIN
  FOG


RELATIVE HUMIDITY (PERCENT)
 HIGHEST   100           100 AM
 LOWEST     57           400 PM
 AVERAGE    79

..........................................................


THE MARTINSBURG WV CLIMATE NORMALS FOR TODAY
                         NORMAL
 MAXIMUM TEMPERATURE (F)   68
 MINIMUM TEMPERATURE (F)   44


SUNRISE AND SUNSET
APRIL 26 2018.........SUNRISE   619 AM EDT   SUNSET   801 PM EDT
APRIL 27 2018.........SUNRISE   618 AM EDT   SUNSET   802 PM EDT


-  INDICATES NEGATIVE NUMBERS.
R  INDICATES RECORD WAS SET OR TIED.
MM INDICATES DATA IS MISSING.
T  INDICATES TRACE AMOUNT.




$$
