000
CDUS44 KHUN 232124
CLIMSL


CLIMATE REPORT
NATIONAL WEATHER SERVICE HUNTSVILLE AL
422 PM CDT WED MAY 23 2018


...................................

...THE MUSCLE SHOALS CLIMATE SUMMARY FOR MAY 23 2018...
VALID TODAY AS OF 0400 PM LOCAL TIME.

CLIMATE NORMAL PERIOD 1981 TO 2010
CLIMATE RECORD PERIOD 1893 TO 2018


WEATHER ITEM   OBSERVED TIME   RECORD YEAR NORMAL DEPARTURE LAST
                VALUE   (LST)  VALUE       VALUE  FROM      YEAR
                                                  NORMAL
..................................................................
TEMPERATURE (F)
 TODAY
  MAXIMUM         90    101 PM  94    1925  83      7       82
  MINIMUM         69    441 AM  45    1931  61      8       62
  AVERAGE         80                        72      8       72

PRECIPITATION (IN)
  TODAY            0.00          2.63 1900   0.16  -0.16     0.84
  MONTH TO DATE    1.29                      3.79  -2.50     2.68
  SINCE MAR 1     13.28                     12.90   0.38    11.45
  SINCE JAN 1     27.62                     22.17   5.45    18.69

SNOWFALL (IN)
  TODAY            0.0
  MONTH TO DATE    0.0
  SINCE MAR 1      T
  SINCE JUL 1      0.6
  SNOW DEPTH       0

DEGREE DAYS
 HEATING
  TODAY            0                         0      0        0
  MONTH TO DATE    0                        29    -29       33
  SINCE MAR 1    609                       567     42      413
  SINCE JUL 1   2957                      3102   -145     2093

 COOLING
  TODAY           15                         7      8        7
  MONTH TO DATE  239                       115    124      123
  SINCE MAR 1    264                       179     85      263
  SINCE JAN 1    292                       180    112      271
..................................................................


WIND (MPH)
  HIGHEST WIND SPEED    10   HIGHEST WIND DIRECTION     E (70)
  HIGHEST GUST SPEED    18   HIGHEST GUST DIRECTION    NE (30)
  AVERAGE WIND SPEED     2.0


SKY COVER
  POSSIBLE SUNSHINE  MM
  AVERAGE SKY COVER 0.1


WEATHER CONDITIONS
 THE FOLLOWING WEATHER WAS RECORDED TODAY.
  FOG


RELATIVE HUMIDITY (PERCENT)
 HIGHEST    97           400 AM
 LOWEST     47           100 PM
 AVERAGE    72

..........................................................


THE MUSCLE SHOALS CLIMATE NORMALS FOR TOMORROW
                         NORMAL    RECORD    YEAR
 MAXIMUM TEMPERATURE (F)   83        96      1996
 MINIMUM TEMPERATURE (F)   61        42      1931


SUNRISE AND SUNSET
MAY 23 2018...........SUNRISE   542 AM CDT   SUNSET   753 PM CDT
MAY 24 2018...........SUNRISE   542 AM CDT   SUNSET   753 PM CDT


-  INDICATES NEGATIVE NUMBERS.
R  INDICATES RECORD WAS SET OR TIED.
MM INDICATES DATA IS MISSING.
T  INDICATES TRACE AMOUNT.




$$
