000
CDUS41 KBTV 250548
CLIMSS


CLIMATE REPORT
NATIONAL WEATHER SERVICE BURLINGTON VT
146 AM EDT WED APR 25 2018


...................................

...THE MASSENA NY CLIMATE SUMMARY FOR APRIL 24 2018...

CLIMATE NORMAL PERIOD 1981 TO 2010
CLIMATE RECORD PERIOD 1948 TO 2018


WEATHER ITEM   OBSERVED TIME   RECORD YEAR NORMAL DEPARTURE LAST
                VALUE   (LST)  VALUE       VALUE  FROM      YEAR
                                                  NORMAL
..................................................................
TEMPERATURE (F)
 YESTERDAY
  MAXIMUM         71    243 PM  80    1958  59     12       50
  MINIMUM         33    137 AM  25    1986  36     -3       37
  AVERAGE         52                        48      4       44

PRECIPITATION (IN)
  YESTERDAY        0.00          0.76        0.09  -0.09     0.00
  MONTH TO DATE    2.03                      2.24  -0.21     3.31
  SINCE MAR 1      2.97                      4.33  -1.36     5.43
  SINCE JAN 1      6.20                      8.28  -2.08     8.86

DEGREE DAYS
 HEATING
  YESTERDAY       13                        18     -5       21
  MONTH TO DATE  695                       553    142      453
  SINCE MAR 1   1793                      1697     96     1709
  SINCE JUL 1   6991                      7684   -693     6635

 COOLING
  YESTERDAY        0                         0      0        0
  MONTH TO DATE    0                         0      0        0
  SINCE MAR 1      0                         0      0        0
  SINCE JAN 1      0                         0      0        0
..................................................................


WIND (MPH)
  HIGHEST WIND SPEED    22   HIGHEST WIND DIRECTION    SW (230)
  HIGHEST GUST SPEED    29   HIGHEST GUST DIRECTION    SW (220)
  AVERAGE WIND SPEED     7.2


SKY COVER
  AVERAGE SKY COVER 0.0


WEATHER CONDITIONS
 THE FOLLOWING WEATHER WAS RECORDED YESTERDAY.
  NO SIGNIFICANT WEATHER WAS OBSERVED.


RELATIVE HUMIDITY (PERCENT)
 HIGHEST    92           400 AM
 LOWEST     33           300 PM
 AVERAGE    63

..........................................................


THE MASSENA NY CLIMATE NORMALS FOR TODAY
                         NORMAL    RECORD    YEAR
 MAXIMUM TEMPERATURE (F)   59        83      2009
 MINIMUM TEMPERATURE (F)   37        21      1974


SUNRISE AND SUNSET
APRIL 25 2018.........SUNRISE   558 AM EDT   SUNSET   757 PM EDT
APRIL 26 2018.........SUNRISE   557 AM EDT   SUNSET   759 PM EDT


-  INDICATES NEGATIVE NUMBERS.
R  INDICATES RECORD WAS SET OR TIED.
MM INDICATES DATA IS MISSING.
T  INDICATES TRACE AMOUNT.




$$
