000
CDUS45 KBOI 210931
CLIMYL


CLIMATE REPORT
NATIONAL WEATHER SERVICE BOISE ID
331 AM MDT SAT APR 21 2018


...................................

...THE MCCALL ID CLIMATE SUMMARY FOR APRIL 20 2018...

CLIMATE NORMAL PERIOD 1981 TO 2010
CLIMATE RECORD PERIOD 1930 TO 2018


WEATHER ITEM   OBSERVED TIME   RECORD YEAR NORMAL DEPARTURE LAST
                VALUE   (LST)  VALUE       VALUE  FROM      YEAR
                                                  NORMAL
..................................................................
TEMPERATURE (F)
 YESTERDAY
  MAXIMUM         61    406 PM  76    1994  50     11       43
  MINIMUM         35   1159 PM   8    2008  26      9       30
  AVERAGE         48                        38     10       37

PRECIPITATION (IN)
  YESTERDAY        0.00          0.75 1997   0.06  -0.06     0.20
  MONTH TO DATE    2.55                      1.30   1.25     2.52
  SINCE OCT 1     18.13                     13.15   4.98    25.19
  SINCE JAN 1     11.28                      6.97   4.31    16.70

DEGREE DAYS
 HEATING
  YESTERDAY       17                        27    -10       28
  MONTH TO DATE  560                       594    -34      554
  SINCE MAR 1   1653                      1708    -55     1510
  SINCE JUL 1   7496                      8383   -887     7713

 COOLING
  YESTERDAY        0                         0      0        0
  MONTH TO DATE    0                         0      0        0
  SINCE MAR 1      0                         0      0        0
  SINCE JAN 1      0                         0      0        0
..................................................................


WIND (MPH)
  HIGHEST WIND SPEED    16   HIGHEST WIND DIRECTION     N (10)
  HIGHEST GUST SPEED    23   HIGHEST GUST DIRECTION     N (20)
  AVERAGE WIND SPEED     7.8


SKY COVER
  AVERAGE SKY COVER 0.0


WEATHER CONDITIONS
 THE FOLLOWING WEATHER WAS RECORDED YESTERDAY.
  NO SIGNIFICANT WEATHER WAS OBSERVED.


RELATIVE HUMIDITY (PERCENT)
 HIGHEST    70          1100 PM
 LOWEST     24           600 PM
 AVERAGE    47

..........................................................


THE MCCALL ID CLIMATE NORMALS FOR TODAY
                         NORMAL    RECORD    YEAR
 MAXIMUM TEMPERATURE (F)   50        78      1994
 MINIMUM TEMPERATURE (F)   26         5      1928


SUNRISE AND SUNSET
APRIL 21 2018.........SUNRISE   650 AM MDT   SUNSET   837 PM MDT
APRIL 22 2018.........SUNRISE   648 AM MDT   SUNSET   839 PM MDT


-  INDICATES NEGATIVE NUMBERS.
R  INDICATES RECORD WAS SET OR TIED.
MM INDICATES DATA IS MISSING.
T  INDICATES TRACE AMOUNT.




$$
