000
CDUS44 KLIX 252117
CLINEW


CLIMATE REPORT
NATIONAL WEATHER SERVICE NEW ORLEANS
NATIONAL WEATHER SERVICE NEW ORL
416 PM CDT WED APR 25 2018


...................................

...THE NEW ORLEANS CLIMATE SUMMARY FOR APRIL 25 2018...
VALID TODAY AS OF 0400 PM LOCAL TIME.

CLIMATE NORMAL PERIOD 1981 TO 2010
CLIMATE RECORD PERIOD 1946 TO 2018


WEATHER ITEM   OBSERVED TIME   RECORD YEAR NORMAL DEPARTURE LAST
                VALUE   (LST)  VALUE       VALUE  FROM      YEAR
                                                  NORMAL
..................................................................
TEMPERATURE (F)
 TODAY
  MAXIMUM         82    259 PM  88    2006  80      2       79
                                      1967
  MINIMUM         57    524 AM  40    1968  63     -6       56
  AVERAGE         70                        72     -2       68

PRECIPITATION (IN)
  TODAY            0.00          7.67 2004   0.16  -0.16     0.00
  MONTH TO DATE    5.79                      3.80   1.99     2.55
  SINCE MAR 1      8.79                      8.35   0.44     5.43
  SINCE JAN 1     16.43                     18.80  -2.37    13.07

SNOWFALL (IN)
  TODAY            0.0
  MONTH TO DATE    0.0
  SINCE MAR 1      0.0
  SINCE JUL 1      T
  SNOW DEPTH       0

DEGREE DAYS
 HEATING
  TODAY            0                         0      0        0
  MONTH TO DATE   32                        32      0       10
  SINCE MAR 1    120                       168    -48       69
  SINCE JUL 1   1119                      1277   -158      630

 COOLING
  TODAY            5                         7     -2        3
  MONTH TO DATE   71                       120    -49      151
  SINCE MAR 1    179                       183     -4      290
  SINCE JAN 1    328                       220    108      410
..................................................................


WIND (MPH)
  HIGHEST WIND SPEED    13   HIGHEST WIND DIRECTION    NW (310)
  HIGHEST GUST SPEED    16   HIGHEST GUST DIRECTION     N (350)
  AVERAGE WIND SPEED     4.2


SKY COVER
  POSSIBLE SUNSHINE  MM
  AVERAGE SKY COVER 0.2


WEATHER CONDITIONS
 THE FOLLOWING WEATHER WAS RECORDED TODAY.
  FOG


RELATIVE HUMIDITY (PERCENT)
 HIGHEST   100           300 AM
 LOWEST     45           200 PM
 AVERAGE    73

..........................................................


THE NEW ORLEANS CLIMATE NORMALS FOR TOMORROW
                         NORMAL    RECORD    YEAR
 MAXIMUM TEMPERATURE (F)   81        88      1967
 MINIMUM TEMPERATURE (F)   63        46      1995


SUNRISE AND SUNSET
APRIL 25 2018.........SUNRISE   624 AM CDT   SUNSET   735 PM CDT
APRIL 26 2018.........SUNRISE   623 AM CDT   SUNSET   735 PM CDT


-  INDICATES NEGATIVE NUMBERS.
R  INDICATES RECORD WAS SET OR TIED.
MM INDICATES DATA IS MISSING.
T  INDICATES TRACE AMOUNT.




$$
