000
CDUS41 KOKX 220630
CLINYC


CLIMATE REPORT
NATIONAL WEATHER SERVICE NEW YORK NY
230 AM EDT SUN APR 22 2018


...................................

...THE CENTRAL PARK NY CLIMATE SUMMARY FOR APRIL 21 2018...

CLIMATE NORMAL PERIOD 1981 TO 2010
CLIMATE RECORD PERIOD 1869 TO 2018


WEATHER ITEM   OBSERVED TIME   RECORD YEAR NORMAL DEPARTURE LAST
                VALUE   (LST)  VALUE       VALUE  FROM      YEAR
                                                  NORMAL
..................................................................
TEMPERATURE (F)
 YESTERDAY
  MAXIMUM         63    245 PM  87    1923  63      0       53
  MINIMUM         39    556 AM  26    1875  47     -8       48
  AVERAGE         51                        55     -4       51

PRECIPITATION (IN)
  YESTERDAY        0.00          2.28 1991   0.14  -0.14     0.29
  MONTH TO DATE    4.45                      3.24   1.21     2.42
  SINCE MAR 1      9.62                      7.60   2.02     7.67
  SINCE JAN 1     17.63                     14.34   3.29    14.98

SNOWFALL (IN)
  YESTERDAY        0.0           T    1947   0.0    0.0      0.0
                                      2000
  MONTH TO DATE    5.5                       0.6    4.9      0.0
  SINCE OCT 1     40.9                      25.8   15.1     30.2
  SINCE JUL 1     40.9                      25.8   15.1     30.2
  SNOW DEPTH       0

DEGREE DAYS
 HEATING
  YESTERDAY       14                        10      4       14
  MONTH TO DATE  384                       289     95      202
  SINCE MAR 1   1149                       989    160      995
  SINCE JUL 1   4395                      4511   -116     3978

 COOLING
  YESTERDAY        0                         0      0        0
  MONTH TO DATE    6                         0      6       17
  SINCE MAR 1      6                         1      5       17
  SINCE JAN 1      8                         1      7       17
..................................................................


WIND (MPH)
  HIGHEST WIND SPEED    15   HIGHEST WIND DIRECTION     W (280)
  HIGHEST GUST SPEED    22   HIGHEST GUST DIRECTION     W (280)
  AVERAGE WIND SPEED     5.8


SKY COVER
  AVERAGE SKY COVER 0.0


WEATHER CONDITIONS
 THE FOLLOWING WEATHER WAS RECORDED YESTERDAY.
  NO SIGNIFICANT WEATHER WAS OBSERVED.


RELATIVE HUMIDITY (PERCENT)
 HIGHEST    54           100 AM
 LOWEST     19           500 PM
 AVERAGE    37

..........................................................


THE CENTRAL PARK NY CLIMATE NORMALS FOR TODAY
                         NORMAL    RECORD    YEAR
 MAXIMUM TEMPERATURE (F)   64        86      2001
                                             1973
                                             1962
 MINIMUM TEMPERATURE (F)   47        33      1947
                                             1922


SUNRISE AND SUNSET
APRIL 22 2018.........SUNRISE   607 AM EDT   SUNSET   743 PM EDT
APRIL 23 2018.........SUNRISE   605 AM EDT   SUNSET   744 PM EDT


-  INDICATES NEGATIVE NUMBERS.
R  INDICATES RECORD WAS SET OR TIED.
MM INDICATES DATA IS MISSING.
T  INDICATES TRACE AMOUNT.




$$
