000
CDUS43 KGID 202224
CLIODX


CLIMATE REPORT
NATIONAL WEATHER SERVICE HASTINGS NE
523 PM CDT FRI APR 20 2018


...................................

...THE ORD NE CLIMATE SUMMARY FOR APRIL 20 2018...
VALID TODAY AS OF 0500 PM LOCAL TIME.

CLIMATE NORMAL PERIOD 1981 TO 2010
CLIMATE RECORD PERIOD 1895 TO 2018


WEATHER ITEM   OBSERVED TIME   NORMAL DEPARTURE LAST
                VALUE   (LST)  VALUE  FROM      YEAR
                                      NORMAL
......................................................
TEMPERATURE (F)
 TODAY
  MAXIMUM         55    356 PM  63     -8       66
  MINIMUM         30    423 AM  38     -8       44
  AVERAGE         43            50     -7       55

PRECIPITATION (IN)
  TODAY            0.00          0.10  -0.10     0.00
  MONTH TO DATE    0.76          1.55  -0.79     1.67
  SINCE MAR 1      1.38          3.00  -1.62     3.50
  SINCE JAN 1      2.74          3.81  -1.07     5.44

DEGREE DAYS
 HEATING
  TODAY           22            15      7       10
  MONTH TO DATE  589           357    232      248
  SINCE MAR 1   1429          1203    226      977
  SINCE JUL 1   6566          6220    346     5488

 COOLING
  TODAY            0             0      0        0
  MONTH TO DATE    0             0      0        0
  SINCE MAR 1      0             0      0        0
  SINCE JAN 1      0             0      0        0
......................................................


WIND (MPH)
  HIGHEST WIND SPEED    21   HIGHEST WIND DIRECTION    SE (130)
  HIGHEST GUST SPEED    29   HIGHEST GUST DIRECTION    SE (130)
  AVERAGE WIND SPEED     8.9


SKY COVER
  AVERAGE SKY COVER 0.3


WEATHER CONDITIONS
 THE FOLLOWING WEATHER WAS RECORDED TODAY.
  NO SIGNIFICANT WEATHER WAS OBSERVED.


RELATIVE HUMIDITY (PERCENT)
 HIGHEST    85           500 AM
 LOWEST     38           400 PM
 AVERAGE    62

..........................................................


THE ORD NE CLIMATE NORMALS FOR TOMORROW
                         NORMAL
 MAXIMUM TEMPERATURE (F)   63
 MINIMUM TEMPERATURE (F)   38


SUNRISE AND SUNSET
APRIL 20 2018.........SUNRISE   648 AM CDT   SUNSET   822 PM CDT
APRIL 21 2018.........SUNRISE   647 AM CDT   SUNSET   823 PM CDT


-  INDICATES NEGATIVE NUMBERS.
R  INDICATES RECORD WAS SET OR TIED.
MM INDICATES DATA IS MISSING.
T  INDICATES TRACE AMOUNT.




$$
