000
CDUS42 KCAE 252128
CLIOGB


CLIMATE REPORT
NATIONAL WEATHER SERVICE COLUMBIA SC
527 PM EDT WED APR 25 2018


...................................

...THE ORANGEBURG AIRPORT SC CLIMATE SUMMARY FOR APRIL 25 2018...
VALID TODAY AS OF 0500 PM LOCAL TIME.

CLIMATE NORMAL PERIOD 1981 TO 2010
CLIMATE RECORD PERIOD 9999 TO 9999


WEATHER ITEM   OBSERVED TIME   NORMAL DEPARTURE LAST
                VALUE   (LST)  VALUE  FROM      YEAR
                                      NORMAL
......................................................
TEMPERATURE (F)
 TODAY
  MAXIMUM         77    359 PM  79     -2       74
  MINIMUM         55    605 AM  53      2       56
  AVERAGE         66            66      0       65

PRECIPITATION (IN)
  TODAY            0.00          0.07  -0.07     0.07
  MONTH TO DATE    4.18          2.50   1.68     5.50
  SINCE MAR 1      6.09          6.48  -0.39     7.26
  SINCE JAN 1      8.94         14.05  -5.11    13.91

DEGREE DAYS
 HEATING
  TODAY            0             2     -2        0
  MONTH TO DATE  131           100     31       37
  SINCE MAR 1    472           377     95      309
  SINCE JUL 1   2177          2309   -132     1618

 COOLING
  TODAY            1             3     -2        0
  MONTH TO DATE   29            48    -19       85
  SINCE MAR 1     40            65    -25      131
  SINCE JAN 1     97            68     29      157
......................................................


WIND (MPH)
  HIGHEST WIND SPEED    16   HIGHEST WIND DIRECTION     W (270)
  HIGHEST GUST SPEED    20   HIGHEST GUST DIRECTION     W (280)
  AVERAGE WIND SPEED     7.5


SKY COVER
  AVERAGE SKY COVER 0.4


WEATHER CONDITIONS
 THE FOLLOWING WEATHER WAS RECORDED TODAY.
  NO SIGNIFICANT WEATHER WAS OBSERVED.


RELATIVE HUMIDITY (PERCENT)
 HIGHEST    93           600 AM
 LOWEST     46           300 PM

..........................................................


THE ORANGEBURG AIRPORT SC CLIMATE NORMALS FOR TOMORROW
                         NORMAL
 MAXIMUM TEMPERATURE (F)   79
 MINIMUM TEMPERATURE (F)   53


SUNRISE AND SUNSET
APRIL 25 2018.........SUNRISE   641 AM EDT   SUNSET   802 PM EDT
APRIL 26 2018.........SUNRISE   640 AM EDT   SUNSET   803 PM EDT


-  INDICATES NEGATIVE NUMBERS.
R  INDICATES RECORD WAS SET OR TIED.
MM INDICATES DATA IS MISSING.
T  INDICATES TRACE AMOUNT.




$$
