000
CDUS46 KSGX 260021
CLIOKB


CLIMATE REPORT
NATIONAL WEATHER SERVICE SAN DIEGO, CA
521 PM PDT WED APR 25 2018


...................................

...THE OCEANSIDE AIRPORT CA CLIMATE SUMMARY FOR APRIL 25 2018...
VALID TODAY AS OF 0500 PM LOCAL TIME.

CLIMATE NORMAL PERIOD 1981 TO 2010
CLIMATE RECORD PERIOD 1999 TO 2018


WEATHER ITEM   OBSERVED TIME   RECORD YEAR NORMAL DEPARTURE LAST
                VALUE   (LST)  VALUE       VALUE  FROM      YEAR
                                                  NORMAL
..................................................................
TEMPERATURE (F)
 TODAY
  MAXIMUM         67    205 PM  84    2008  69     -2       72
  MINIMUM         55    649 AM  43    2006  51      4       53
  AVERAGE         61                        60      1       63

PRECIPITATION (IN)
  TODAY            0.00          0.24 2012   0.03  -0.03     0.00
  MONTH TO DATE    0.06                      0.85  -0.79     0.02
  SINCE OCT 1      4.74                     12.66  -7.92    13.65
  SINCE JAN 1      4.70                      8.78  -4.08     8.50

DEGREE DAYS
 HEATING
  TODAY            4                         6     -2        2
  MONTH TO DATE  138                       171    -33      101
  SINCE MAR 1    418                       461    -43      314
  SINCE JUL 1   1384                      1869   -485     1329

 COOLING
  TODAY            0                         0      0        0
  MONTH TO DATE    2                         0      2        3
  SINCE MAR 1      2                         1      1        3
  SINCE JAN 1      5                         1      4        3
..................................................................


WIND (MPH)
  RESULTANT WIND SPEED   4   RESULTANT WIND DIRECTION  SW (240)
  HIGHEST WIND SPEED    13   HIGHEST WIND DIRECTION     W (250)
  HIGHEST GUST SPEED    18   HIGHEST GUST DIRECTION     W (260)
  AVERAGE WIND SPEED     6.3


SKY COVER
  POSSIBLE SUNSHINE  MM
  AVERAGE SKY COVER 0.5


WEATHER CONDITIONS
 THE FOLLOWING WEATHER WAS RECORDED TODAY.
  FOG
  HAZE


RELATIVE HUMIDITY (PERCENT)
 HIGHEST    86           600 AM
 LOWEST     58           100 PM
 AVERAGE    72

..........................................................


THE OCEANSIDE AIRPORT CA CLIMATE NORMALS FOR TOMORROW
                         NORMAL    RECORD    YEAR
 MAXIMUM TEMPERATURE (F)   69        91      2004
 MINIMUM TEMPERATURE (F)   51         9      2011


SUNRISE AND SUNSET
APRIL 25 2018.........SUNRISE   608 AM PDT   SUNSET   727 PM PDT
APRIL 26 2018.........SUNRISE   607 AM PDT   SUNSET   728 PM PDT


-  INDICATES NEGATIVE NUMBERS.
R  INDICATES RECORD WAS SET OR TIED.
MM INDICATES DATA IS MISSING.
T  INDICATES TRACE AMOUNT.




$$
