000
CDUS46 KSEW 260848
CLIOLM


CLIMATE REPORT
NATIONAL WEATHER SERVICE SEATTLE WA
147 AM PDT SAT MAY 26 2018


...................................

...THE OLYMPIA WA AIRPORT CLIMATE SUMMARY FOR MAY 25 2018...

CLIMATE NORMAL PERIOD 1981 TO 2010
CLIMATE RECORD PERIOD 1948 TO 2018


WEATHER ITEM   OBSERVED TIME   RECORD YEAR NORMAL DEPARTURE LAST
                VALUE   (LST)  VALUE       VALUE  FROM      YEAR
                                                  NORMAL
..................................................................
TEMPERATURE (F)
 YESTERDAY
  MAXIMUM         71    237 PM  83    1958  67      4       72
                                      1950
  MINIMUM         46   1159 PM  30    1975  45      1       39
  AVERAGE         59                        56      3       56

PRECIPITATION (IN)
  YESTERDAY        0.00          0.64 2010   0.07  -0.07     0.00
  MONTH TO DATE    0.15                      1.89  -1.74     2.98
  SINCE OCT 1     49.24                     44.52   4.72    60.95
  SINCE JAN 1     23.48                     23.83  -0.35    32.85

DEGREE DAYS
 HEATING
  YESTERDAY        6                         9     -3        9
  MONTH TO DATE  167                       286   -119      265
  SINCE MAR 1   1336                      1423    -87     1413
  SINCE JUL 1   4906                      5145   -239     5141

 COOLING
  YESTERDAY        0                         0      0        0
  MONTH TO DATE    3                         0      3        5
  SINCE MAR 1      3                         0      3        5
  SINCE JAN 1      3                         0      3        5
..................................................................


WIND (MPH)
  RESULTANT WIND SPEED   3   RESULTANT WIND DIRECTION  SW (210)
  HIGHEST WIND SPEED    16   HIGHEST WIND DIRECTION     W (260)
  HIGHEST GUST SPEED    21   HIGHEST GUST DIRECTION     W (270)
  AVERAGE WIND SPEED     4.8


SKY COVER
  AVERAGE SKY COVER 0.5


WEATHER CONDITIONS
 THE FOLLOWING WEATHER WAS RECORDED YESTERDAY.
  NO SIGNIFICANT WEATHER WAS OBSERVED.


RELATIVE HUMIDITY (PERCENT)
 HIGHEST    93          1200 AM
 LOWEST     34           500 PM
 AVERAGE    64

..........................................................


THE OLYMPIA WA AIRPORT CLIMATE NORMALS FOR TODAY
                         NORMAL    RECORD    YEAR
 MAXIMUM TEMPERATURE (F)   67        89      2005
 MINIMUM TEMPERATURE (F)   45        32      1973
                                             1964


SUNRISE AND SUNSET
MAY 26 2018...........SUNRISE   525 AM PDT   SUNSET   853 PM PDT
MAY 27 2018...........SUNRISE   524 AM PDT   SUNSET   854 PM PDT


-  INDICATES NEGATIVE NUMBERS.
R  INDICATES RECORD WAS SET OR TIED.
MM INDICATES DATA IS MISSING.
T  INDICATES TRACE AMOUNT.




$$
