000
CDUS43 KOAX 260636
CLIOMA


CLIMATE REPORT
NATIONAL WEATHER SERVICE OMAHA NEBRASKA
135 AM CDT THU APR 26 2018


...................................

...THE OMAHA EPPLEY, NEBRASKA CLIMATE SUMMARY FOR APRIL 25 2018...

CLIMATE NORMAL PERIOD 1981 TO 2010
CLIMATE RECORD PERIOD 1871 TO 2018


WEATHER ITEM   OBSERVED TIME   RECORD YEAR NORMAL DEPARTURE LAST
                VALUE   (LST)  VALUE       VALUE  FROM      YEAR
                                                  NORMAL
..................................................................
TEMPERATURE (F)
 YESTERDAY
  MAXIMUM         65    505 PM  91    2012  67     -2       62
                                      1954
  MINIMUM         43    758 AM  27    1873  44     -1       42
  AVERAGE         54                        55     -1       52

PRECIPITATION (IN)
  YESTERDAY        0.13          1.48 1957   0.11   0.02     0.06
  MONTH TO DATE    0.27                      2.35  -2.08     0.99
  SINCE MAR 1      3.09                      4.34  -1.25     3.38
  SINCE JAN 1      4.83                      5.91  -1.08     5.28

SNOWFALL (IN)
  YESTERDAY        0.0                       0.0    0.0      0.0
  MONTH TO DATE    1.5                       0.9    0.6      0.0
  SINCE JUL 1     17.0                      26.3   -9.3     11.4
  SNOW DEPTH       0

DEGREE DAYS
 HEATING
  YESTERDAY       11                        10      1       13
  MONTH TO DATE  574                       365    209      212
  SINCE MAR 1   1330                      1156    174      875
  SINCE JUL 1   5977                      5954     23     4702

 COOLING
  YESTERDAY        0                         1     -1        0
  MONTH TO DATE    0                         9     -9        8
  SINCE MAR 1      0                        10    -10        8
  SINCE JAN 1      0                        10    -10        8
..................................................................


WIND (MPH)
  HIGHEST WIND SPEED    16   HIGHEST WIND DIRECTION     N (350)
  HIGHEST GUST SPEED    22   HIGHEST GUST DIRECTION     N (350)
  AVERAGE WIND SPEED     7.6


SKY COVER
  POSSIBLE SUNSHINE  MM
  AVERAGE SKY COVER 0.7


WEATHER CONDITIONS
 THE FOLLOWING WEATHER WAS RECORDED YESTERDAY.
  LIGHT RAIN


RELATIVE HUMIDITY (PERCENT)
 HIGHEST    93           200 AM
 LOWEST     30           400 PM
 AVERAGE    62

..........................................................


THE OMAHA EPPLEY, NEBRASKA CLIMATE NORMALS FOR TODAY
                         NORMAL    RECORD    YEAR
 MAXIMUM TEMPERATURE (F)   67        94      1989
 MINIMUM TEMPERATURE (F)   44        29      1931


SUNRISE AND SUNSET
APRIL 26 2018.........SUNRISE   628 AM CDT   SUNSET   816 PM CDT
APRIL 27 2018.........SUNRISE   626 AM CDT   SUNSET   817 PM CDT


-  INDICATES NEGATIVE NUMBERS.
R  INDICATES RECORD WAS SET OR TIED.
MM INDICATES DATA IS MISSING.
T  INDICATES TRACE AMOUNT.




$$
