857
CDAK49 PAFG 251005
CLIOME

CLIMATE REPORT
NATIONAL WEATHER SERVICE FAIRBANKS AK
205 AM AKDT WED APR 25 2018


...................................

...THE NOME AK CLIMATE SUMMARY FOR APRIL 24 2018...

CLIMATE NORMAL PERIOD 1981 TO 2010
CLIMATE RECORD PERIOD 1906 TO 2018


WEATHER ITEM   OBSERVED TIME   RECORD YEAR NORMAL DEPARTURE LAST
                VALUE   (LST)  VALUE       VALUE  FROM      YEAR
                                                  NORMAL
..................................................................
TEMPERATURE (F)
 YESTERDAY
  MAXIMUM         35   1105 AM  48    2017  32      3       48
  MINIMUM         30   1105 PM -10    1966  19     11       34
                                      1924
  AVERAGE         33                        25      8       41

PRECIPITATION (IN)
  YESTERDAY        0.21          0.44 1916   0.03   0.18     0.00
  MONTH TO DATE    0.48                      0.59  -0.11     0.11
  SINCE MAR 1      2.96                      1.24   1.72     0.12
  SINCE JAN 1      4.88                      3.11   1.77     1.87

SNOWFALL (IN)
  YESTERDAY        T             4.0  1916   0.2   -0.2      0.0
  MONTH TO DATE    1.5                       6.3   -4.8      1.1
  SINCE MAR 1     35.5                      15.2   20.3      2.0
  SINCE JUL 1    108.8                      71.9   36.9     54.2
  SNOW DEPTH      15

DEGREE DAYS
 HEATING
  YESTERDAY       32                        40     -8       24
  MONTH TO DATE  936                      1110   -174      867
  SINCE MAR 1   2419                      2806   -387     2855
  SINCE JUL 1  10600                     12085  -1485    11650

 COOLING
  YESTERDAY        0                         0      0        0
  MONTH TO DATE    0                         0      0        0
  SINCE MAR 1      0                         0      0        0
  SINCE JAN 1      0                         0      0        0
..................................................................


WIND (MPH)
  HIGHEST GUST SPEED    40   HIGHEST GUST DIRECTION     E (70)


SKY COVER
  AVERAGE SKY COVER 0.8


WEATHER CONDITIONS
 THE FOLLOWING WEATHER WAS RECORDED YESTERDAY.
  LIGHT RAIN
  SNOW
  LIGHT SNOW
  FOG


RELATIVE HUMIDITY (PERCENT)
 HIGHEST   100
 LOWEST     89
 AVERAGE    95

..........................................................


THE NOME AK CLIMATE NORMALS FOR TODAY
                         NORMAL    RECORD    YEAR
 MAXIMUM TEMPERATURE (F)   32        60      1940
 MINIMUM TEMPERATURE (F)   20       -17      1964


SUNRISE AND SUNSET
APRIL 25 2018.........SUNRISE   652 AM AKDT  SUNSET  1111 PM AKDT
APRIL 26 2018.........SUNRISE   648 AM AKDT  SUNSET  1114 PM AKDT

-  INDICATES NEGATIVE NUMBERS.
R  INDICATES RECORD WAS SET OR TIED.
MM INDICATES DATA IS MISSING.
T  INDICATES TRACE AMOUNT.

&&

SNOW DEPTH IS MEASURED AT 3AM AKST/4AM AKDT.

----------------------------
AVAILABLE DAYLIGHT

AMOUNT OF DAYLIGHT TODAY  (HOUR:MIN)........16:19
GAIN/LOSS SINCE YESTERDAY (HOUR:MIN:SEC)....+0:06:49

NOME TIDAL INFORMATION FOR 25 APRIL 2018
0042  +0.8
0731  -0.4
1430  +1.0
2015  +0.2

$$
APR 18
