000
CDUS41 KAKQ 190538
CLIORF


CLIMATE REPORT
NATIONAL WEATHER SERVICE WAKEFIELD, VA
137 AM EDT THU APR 19 2018


...................................

...THE NORFOLK VA CLIMATE SUMMARY FOR APRIL 18 2018...

CLIMATE NORMAL PERIOD 1981 TO 2010
CLIMATE RECORD PERIOD 1871 TO 2018


WEATHER ITEM   OBSERVED TIME   RECORD YEAR NORMAL DEPARTURE LAST
                VALUE   (LST)  VALUE       VALUE  FROM      YEAR
                                                  NORMAL
..................................................................
TEMPERATURE (F)
 YESTERDAY
  MAXIMUM         68    310 PM  95    1896  68      0       64
  MINIMUM         47    646 AM  28    1875  50     -3       55
  AVERAGE         58                        59     -1       60

PRECIPITATION (IN)
  YESTERDAY        0.00          0.99 2000   0.12  -0.12     0.00
  MONTH TO DATE    1.81                      2.06  -0.25     1.16
  SINCE MAR 1      5.69                      5.74  -0.05     5.77
  SINCE JAN 1     10.93                     12.26  -1.33    10.84

SNOWFALL (IN)
  YESTERDAY        0.0           0.0  2002   0.0    0.0
  MONTH TO DATE    0.0                       0.0    0.0
  SINCE NOV 1     15.1                       5.8    9.3
  SINCE JUL 1     15.1                       5.8    9.3
  SNOW DEPTH       0

DEGREE DAYS
 HEATING
  YESTERDAY        7                         7      0        5
  MONTH TO DATE  161                       168     -7       78
  SINCE MAR 1    747                       660     87      550
  SINCE JUL 1   3101                      3229   -128     2602

 COOLING
  YESTERDAY        0                         1     -1        0
  MONTH TO DATE   21                        18      3       51
  SINCE MAR 1     28                        24      4       67
  SINCE JAN 1     43                        25     18       70
..................................................................


WIND (MPH)
  HIGHEST WIND SPEED    16   HIGHEST WIND DIRECTION    NE (30)
  HIGHEST GUST SPEED    20   HIGHEST GUST DIRECTION    SE (130)
  AVERAGE WIND SPEED     8.6


SKY COVER
  POSSIBLE SUNSHINE  MM
  AVERAGE SKY COVER 0.2


WEATHER CONDITIONS
 THE FOLLOWING WEATHER WAS RECORDED YESTERDAY.
  NO SIGNIFICANT WEATHER WAS OBSERVED.


RELATIVE HUMIDITY (PERCENT)
 HIGHEST    83           900 PM
 LOWEST     48           300 PM
 AVERAGE    66

..........................................................


THE NORFOLK VA CLIMATE NORMALS FOR TODAY
                         NORMAL    RECORD    YEAR
 MAXIMUM TEMPERATURE (F)   69        92      1995
                                             1985
                                             1896
 MINIMUM TEMPERATURE (F)   50        27      1875


SUNRISE AND SUNSET
APRIL 19 2018.........SUNRISE   625 AM EDT   SUNSET   743 PM EDT
APRIL 20 2018.........SUNRISE   624 AM EDT   SUNSET   744 PM EDT


-  INDICATES NEGATIVE NUMBERS.
R  INDICATES RECORD WAS SET OR TIED.
MM INDICATES DATA IS MISSING.
T  INDICATES TRACE AMOUNT.




$$
