929
CDUS45 KLKN 200928
CLIP68


CLIMATE REPORT
NATIONAL WEATHER SERVICE ELKO NV
228 AM PDT FRI APR 20 2018


...................................

...THE EUREKA AIRPORT NV CLIMATE SUMMARY FOR APRIL 19 2018...

CLIMATE NORMAL PERIOD 1981 TO 2010
CLIMATE RECORD PERIOD 1963 TO 2018


WEATHER ITEM   OBSERVED TIME   RECORD YEAR NORMAL DEPARTURE LAST
                VALUE   (LST)  VALUE       VALUE  FROM      YEAR
                                                  NORMAL
..................................................................
TEMPERATURE (F)
 YESTERDAY
  MAXIMUM         44    142 AM  79    1989  60    -16       59
  MINIMUM         30   1133 PM  12    2007  29      1       27
                                      1987
  AVERAGE         37                        44     -7       43

PRECIPITATION (IN)
  YESTERDAY        0.00          0.38 1964   0.04  -0.04     0.00
  MONTH TO DATE    0.80                      0.60   0.20     1.83
  SINCE OCT 1      5.98                      5.26   0.72     8.29
  SINCE JAN 1      4.79                      3.13   1.66     6.20

DEGREE DAYS
 HEATING
  YESTERDAY       28                        21      7       22
  MONTH TO DATE  397                       438    -41      408
  SINCE MAR 1   1418                      1309    109     1093
  SINCE JUL 1   6068                      6594   -526     5953

 COOLING
  YESTERDAY        0                         0      0        0
  MONTH TO DATE    0                         0      0        0
  SINCE MAR 1      0                         0      0        0
  SINCE JAN 1      0                         0      0        0
..................................................................


WIND (MPH)
  HIGHEST WIND SPEED    24   HIGHEST WIND DIRECTION     N (20)
  HIGHEST GUST SPEED    29   HIGHEST GUST DIRECTION     N (10)
  AVERAGE WIND SPEED     8.0




RELATIVE HUMIDITY (PERCENT)
 HIGHEST    92          1100 PM
 LOWEST     29           200 AM
 AVERAGE    61

..........................................................


THE EUREKA AIRPORT NV CLIMATE NORMALS FOR TODAY
                         NORMAL    RECORD    YEAR
 MAXIMUM TEMPERATURE (F)   60        82      1994
 MINIMUM TEMPERATURE (F)   29         4      1966


SUNRISE AND SUNSET
APRIL 20 2018.........SUNRISE   559 AM PDT   SUNSET   727 PM PDT
APRIL 21 2018.........SUNRISE   558 AM PDT   SUNSET   728 PM PDT


-  INDICATES NEGATIVE NUMBERS.
R  INDICATES RECORD WAS SET OR TIED.
MM INDICATES DATA IS MISSING.
T  INDICATES TRACE AMOUNT.




$$
