000
CDUS46 KPDT 210921
CLIPDT

CLIMATE REPORT
NATIONAL WEATHER SERVICE PENDLETON OR
220 AM PDT SAT APR 21 2018


...................................

...THE PENDLETON OR CLIMATE SUMMARY FOR APRIL 20 2018...

CLIMATE NORMAL PERIOD 1981 TO 2010
CLIMATE RECORD PERIOD 1890 TO 2018


WEATHER ITEM   OBSERVED TIME   RECORD YEAR NORMAL DEPARTURE LAST
                VALUE   (LST)  VALUE       VALUE  FROM      YEAR
                                                  NORMAL
..................................................................
TEMPERATURE (F)
 YESTERDAY
  MAXIMUM         68    512 PM  92    1934  63      5       59
  MINIMUM         39    528 AM  18    1927  40     -1       44
  AVERAGE         54                        51      3       52

PRECIPITATION (IN)
  YESTERDAY        0.00          0.88 2010   0.04  -0.04     0.12
  MONTH TO DATE    1.37                      0.78   0.59     1.27
  SINCE OCT 1      9.27                      8.64   0.63    13.06
  SINCE JAN 1      5.08                      4.64   0.44     7.54

SNOWFALL (IN)
  YESTERDAY       MM             1.0  1963   0.0   MM        0.0
  MONTH TO DATE    T                         0.0    0.0       T
  SINCE JAN 1      5.0                       7.7   -2.7     25.9
  SINCE JUL 1     15.0                      15.2   -0.2     44.4
  SNOW DEPTH       0

DEGREE DAYS
 HEATING
  YESTERDAY       11                        14     -3       13
  MONTH TO DATE  307                       305      2      324
  SINCE MAR 1    945                       922     23      909
  SINCE JUL 1   4722                      4821    -99     5211

 COOLING
  YESTERDAY        0                         0      0        0
  MONTH TO DATE    0                         0      0        0
  SINCE MAR 1      0                         0      0        0
  SINCE JAN 1      0                         0      0        0
..................................................................


WIND (MPH)
  HIGHEST WIND SPEED    15   HIGHEST WIND DIRECTION     W (280)
  HIGHEST GUST SPEED    18   HIGHEST GUST DIRECTION     W (260)
  AVERAGE WIND SPEED     6.2


SKY COVER
  POSSIBLE SUNSHINE  MM
  AVERAGE SKY COVER 0.0


WEATHER CONDITIONS
 THE FOLLOWING WEATHER WAS RECORDED YESTERDAY.
  NO SIGNIFICANT WEATHER WAS OBSERVED.


RELATIVE HUMIDITY (PERCENT)
 HIGHEST    76           500 AM
 LOWEST     24           500 PM
 AVERAGE    50

..........................................................


THE PENDLETON OR CLIMATE NORMALS FOR TODAY
                         NORMAL    RECORD    YEAR
 MAXIMUM TEMPERATURE (F)   63        92      1934
 MINIMUM TEMPERATURE (F)   40        26      1951
                                             1914


SUNRISE AND SUNSET
APRIL 21 2018.........SUNRISE   559 AM PDT   SUNSET   750 PM PDT
APRIL 22 2018.........SUNRISE   557 AM PDT   SUNSET   751 PM PDT


-  INDICATES NEGATIVE NUMBERS.
R  INDICATES RECORD WAS SET OR TIED.
MM INDICATES DATA IS MISSING.
T  INDICATES TRACE AMOUNT.




$$
