475
CDUS46 KPQR 201148
CLIPDX


CLIMATE REPORT
NATIONAL WEATHER SERVICE PORTLAND OREGON
448 AM PDT SUN MAY 20 2018


...................................

...THE PORTLAND OR CLIMATE SUMMARY FOR MAY 19 2018...

CLIMATE NORMAL PERIOD 1981 TO 2010
CLIMATE RECORD PERIOD 1940 TO 2018


WEATHER ITEM   OBSERVED TIME   RECORD YEAR NORMAL DEPARTURE LAST
                VALUE   (LST)  VALUE       VALUE  FROM      YEAR
                                                  NORMAL
..................................................................
TEMPERATURE (F)
 YESTERDAY
  MAXIMUM         71    544 PM  91    1961  69      2       75
  MINIMUM         53    233 AM  40    2003  49      4       51
  AVERAGE         62                        59      3       63

PRECIPITATION (IN)
  YESTERDAY        0.00          1.47 1968   0.07  -0.07     0.00
  MONTH TO DATE    0.15                      1.47  -1.32     1.92
  SINCE OCT 1     27.31                     30.54  -3.23    47.93
  SINCE JAN 1     13.21                     16.42  -3.21    28.18

SNOWFALL (IN)
  YESTERDAY        0.0          MM      MM
  MONTH TO DATE    0.0
  SINCE MAR 1      T
  SINCE JUL 1      7.6

DEGREE DAYS
 HEATING
  YESTERDAY        3                         6     -3        2
  MONTH TO DATE   54                       157   -103      174
  SINCE MAR 1    938                      1062   -124     1125
  SINCE JUL 1   3859                      4120   -261     4330

 COOLING
  YESTERDAY        0                         0      0        0
  MONTH TO DATE   20                         0     20       10
  SINCE MAR 1     29                         1     28       10
  SINCE JAN 1     29                         1     28       10
..................................................................


WIND (MPH)
  HIGHEST WIND SPEED    13   HIGHEST WIND DIRECTION    NW (320)
  HIGHEST GUST SPEED    16   HIGHEST GUST DIRECTION    NW (320)
  AVERAGE WIND SPEED     3.0


SKY COVER
  POSSIBLE SUNSHINE  MM
  AVERAGE SKY COVER 0.9


WEATHER CONDITIONS
 THE FOLLOWING WEATHER WAS RECORDED YESTERDAY.
  NO SIGNIFICANT WEATHER WAS OBSERVED.


RELATIVE HUMIDITY (PERCENT)
 HIGHEST    86           600 AM
 LOWEST     49           500 PM
 AVERAGE    68

..........................................................


THE PORTLAND OR CLIMATE NORMALS FOR TODAY
                         NORMAL    RECORD    YEAR
 MAXIMUM TEMPERATURE (F)   69        91      1963
 MINIMUM TEMPERATURE (F)   50        37      1975


SUNRISE AND SUNSET
MAY 20 2018...........SUNRISE   534 AM PDT   SUNSET   841 PM PDT
MAY 21 2018...........SUNRISE   533 AM PDT   SUNSET   842 PM PDT


-  INDICATES NEGATIVE NUMBERS.
R  INDICATES RECORD WAS SET OR TIED.
MM INDICATES DATA IS MISSING.
T  INDICATES TRACE AMOUNT.




$$
