000
CDUS45 KPSR 230044
CLIPHX

CLIMATE REPORT
NATIONAL WEATHER SERVICE PHOENIX AZ
543 PM MST TUE MAY 22 2018


...................................

...THE PHOENIX AZ CLIMATE SUMMARY FOR MAY 22 2018...
VALID TODAY AS OF 543 PM LOCAL TIME.

CLIMATE NORMAL PERIOD 1981 TO 2010
CLIMATE RECORD PERIOD 1895 TO 2018


WEATHER ITEM   OBSERVED TIME   RECORD YEAR NORMAL DEPARTURE LAST
                VALUE   (LST)  VALUE       VALUE  FROM      YEAR
                                                  NORMAL
..................................................................
TEMPERATURE (F)
 TODAY
  MAXIMUM         95    344 PM 109    2005  97     -2      104
                                      2000
  MINIMUM         70    542 AM  48    1962  71     -1       73
  AVERAGE         83                        84     -1       89

PRECIPITATION (IN)
  TODAY            0.00          0.28 2008   0.00   0.00     0.00
  MONTH TO DATE    0.00                      0.08  -0.08     0.01
  SINCE OCT 1      1.00                      5.29  -4.29     4.24
  SINCE JAN 1      0.77                      3.18  -2.41     2.41

SNOWFALL (IN)
  TODAY            0.0
  MONTH TO DATE    0.0
  SINCE JAN 1      0.0
  SINCE JUL 1      0.0
  SNOW DEPTH       0

DEGREE DAYS
 HEATING
  TODAY            0                         0      0        0
  MONTH TO DATE    0                         0      0        0
  SINCE MAR 1     35                       101    -66       25
  SINCE JUL 1    499                       934   -435      693

 COOLING
  TODAY           18                        19     -1       24
  MONTH TO DATE  396                       348     48      319
  SINCE MAR 1    877                       686    191      843
  SINCE JAN 1    899                       703    196      863
..................................................................


WIND (MPH)
  HIGHEST WIND SPEED    22   HIGHEST WIND DIRECTION    SW (210)
  HIGHEST GUST SPEED    29   HIGHEST GUST DIRECTION     S (180)
  AVERAGE WIND SPEED     7.2


SKY COVER
  AVERAGE SKY COVER 0.2


WEATHER CONDITIONS
 THE FOLLOWING WEATHER WAS RECORDED TODAY.
  NO SIGNIFICANT WEATHER WAS OBSERVED.


RELATIVE HUMIDITY (PERCENT)
 HIGHEST    28           500 AM
 LOWEST      7           400 PM
 AVERAGE    18

..........................................................


THE PHOENIX AZ CLIMATE NORMALS FOR TOMORROW
                         NORMAL    RECORD    YEAR
 MAXIMUM TEMPERATURE (F)   97       109      2001
 MINIMUM TEMPERATURE (F)   71        49      1965
                                             1927


SUNRISE AND SUNSET
MAY 22 2018...........SUNRISE   523 AM MST   SUNSET   726 PM MST
MAY 23 2018...........SUNRISE   523 AM MST   SUNSET   727 PM MST


-  INDICATES NEGATIVE NUMBERS.
R  INDICATES RECORD WAS SET OR TIED.
MM INDICATES DATA IS MISSING.
T  INDICATES TRACE AMOUNT.

$$
