000
CDUS41 KPBZ 250700
CLIPIT

CLIMATE REPORT
NATIONAL WEATHER SERVICE PITTSBURGH PA
300 AM EDT FRI MAY 25 2018

...................................

...THE PITTSBURGH PA CLIMATE SUMMARY FOR MAY 24 2018...

CLIMATE NORMAL PERIOD 1981 TO 2010
CLIMATE RECORD PERIOD 1871 TO 2018

WEATHER ITEM   OBSERVED TIME   RECORD YEAR NORMAL DEPARTURE LAST
                VALUE   (LST)  VALUE       VALUE  FROM      YEAR
                                                  NORMAL
..................................................................
TEMPERATURE (F)
 YESTERDAY
  MAXIMUM         83    435 PM  92    1875  73     10       67
  MINIMUM         51    525 AM  30    1963  52     -1       57
  AVERAGE         67                        62      5       62

PRECIPITATION (IN)
  YESTERDAY        0.00          2.31 1973   0.14  -0.14     0.09
  MONTH TO DATE    2.25                      2.96  -0.71     3.38
  SINCE JUN 1     44.40                     37.20   7.20    38.33
  SINCE JAN 1     20.96                     14.11   6.85    16.94

SNOWFALL (IN)
  YESTERDAY        0.0           T    1925   0.0    0.0      0.0
  MONTH TO DATE    0.0                       0.0    0.0      0.0
  SINCE OCT 1     59.8                      41.9   17.9     32.0
  SINCE JUL 1     59.8                      41.9   17.9     32.0
  SNOW DEPTH       0

DEGREE DAYS
 HEATING
  YESTERDAY        0                         5     -5        3
  MONTH TO DATE   20                       170   -150      168
  SINCE MAR 1   1510                      1389    121     1189
  SINCE JUL 1   5518                      5646   -128     4615

 COOLING
  YESTERDAY        2                         2      0        0
  MONTH TO DATE   76                        28     48       35
  SINCE MAR 1     88                        38     50       61
  SINCE JAN 1     92                        38     54       62
..................................................................

WIND (MPH)
  HIGHEST WIND SPEED     9   HIGHEST WIND DIRECTION     S (160)
  HIGHEST GUST SPEED    16   HIGHEST GUST DIRECTION    SE (120)
  AVERAGE WIND SPEED     2.1


SKY COVER
  POSSIBLE SUNSHINE  MM
  AVERAGE SKY COVER 0.2


WEATHER CONDITIONS
 THE FOLLOWING WEATHER WAS RECORDED YESTERDAY.
  NO SIGNIFICANT WEATHER WAS OBSERVED.


RELATIVE HUMIDITY (PERCENT)
 HIGHEST    89           300 AM
 LOWEST     22           300 PM
 AVERAGE    56

..........................................................


THE PITTSBURGH PA CLIMATE NORMALS FOR TODAY
                         NORMAL    RECORD    YEAR
 MAXIMUM TEMPERATURE (F)   73        95      1875
 MINIMUM TEMPERATURE (F)   52        33      2013
                                             1925


SUNRISE AND SUNSET
MAY 25 2018...........SUNRISE   556 AM EDT   SUNSET   840 PM EDT
MAY 26 2018...........SUNRISE   556 AM EDT   SUNSET   841 PM EDT


-  INDICATES NEGATIVE NUMBERS.
R  INDICATES RECORD WAS SET OR TIED.
MM INDICATES DATA IS MISSING.
T  INDICATES TRACE AMOUNT.

&&

&&

SNOW DEPTH IS MEASURED AT 8 AM EDT.

SNOW DEPTH IS MEASURED AT 7 AM EST OR 8 AM EDT.

$$
$$
