000
CDUS46 KLOX 210112
CLIPMD


CLIMATE REPORT
NATIONAL WEATHER SERVICE LOS ANGELES/OXNARD CA
611 PM PDT SUN MAY 20 2018


...................................

...THE PALMDALE AIRPORT CA CLIMATE SUMMARY FOR MAY 20 2018...
VALID TODAY AS OF 0600 PM LOCAL TIME.

CLIMATE NORMAL PERIOD 1981 TO 2010
CLIMATE RECORD PERIOD 1931 TO 2018


WEATHER ITEM   OBSERVED TIME   RECORD YEAR NORMAL DEPARTURE LAST
                VALUE   (LST)  VALUE       VALUE  FROM      YEAR
                                                  NORMAL
..................................................................
TEMPERATURE (F)
 TODAY
  MAXIMUM         80    146 PM  98    2001  84     -4       90
  MINIMUM         56    455 AM  39    1974  53      3       53
  AVERAGE         68                        69     -1       72

PRECIPITATION (IN)
  TODAY            0.00          0.02 2002   0.01  -0.01     0.00
  MONTH TO DATE    T                         0.21  -0.21     0.02
  SINCE OCT 1      2.57                      7.64  -5.07     5.93
  SINCE JAN 1      2.57                      5.19  -2.62     4.14

SNOWFALL (IN)
  TODAY            0.0           0.0  1973  MM               0.0
  MONTH TO DATE    0.0                      MM               0.0
  SINCE MAR 1      0.0                      MM               0.0
  SINCE JUL 1      0.0                      MM               0.0
  SNOW DEPTH       0

DEGREE DAYS
 HEATING
  TODAY            0                         2     -2        0
  MONTH TO DATE   29                        54    -25       58
  SINCE MAR 1    477                       659   -182      411
  SINCE JUL 1   2158                      2904   -746     2320

 COOLING
  TODAY            3                         6     -3        7
  MONTH TO DATE   73                        73      0       67
  SINCE MAR 1    130                        96     34       81
  SINCE JAN 1    130                        96     34       81
..................................................................


WIND (MPH)
  HIGHEST WIND SPEED    26   HIGHEST WIND DIRECTION     W (250)
  HIGHEST GUST SPEED    30   HIGHEST GUST DIRECTION     W (250)
  AVERAGE WIND SPEED    13.5


SKY COVER
  POSSIBLE SUNSHINE  MM
  AVERAGE SKY COVER 0.0


WEATHER CONDITIONS
 THE FOLLOWING WEATHER WAS RECORDED TODAY.
  NO SIGNIFICANT WEATHER WAS OBSERVED.


RELATIVE HUMIDITY (PERCENT)
 HIGHEST    62           400 AM
 LOWEST     25          1100 AM
 AVERAGE    44

..........................................................


THE PALMDALE AIRPORT CA CLIMATE NORMALS FOR TOMORROW
                         NORMAL    RECORD    YEAR
 MAXIMUM TEMPERATURE (F)   85       100      2000
 MINIMUM TEMPERATURE (F)   54        39      1975


SUNRISE AND SUNSET
MAY 20 2018...........SUNRISE   546 AM PDT   SUNSET   752 PM PDT
MAY 21 2018...........SUNRISE   545 AM PDT   SUNSET   753 PM PDT


-  INDICATES NEGATIVE NUMBERS.
R  INDICATES RECORD WAS SET OR TIED.
MM INDICATES DATA IS MISSING.
T  INDICATES TRACE AMOUNT.




$$
