000
CDUS41 KALY 220626
CLIPOU


CLIMATE REPORT
NATIONAL WEATHER SERVICE ALBANY NY
225 AM EDT SUN APR 22 2018


...................................

...THE POUGHKEEPSIE NY CLIMATE SUMMARY FOR APRIL 21 2018...

CLIMATE NORMAL PERIOD 1981 TO 2010
CLIMATE RECORD PERIOD 1931 TO 2018


WEATHER ITEM   OBSERVED TIME   RECORD YEAR NORMAL DEPARTURE LAST
                VALUE   (LST)  VALUE       VALUE  FROM      YEAR
                                                  NORMAL
..................................................................
TEMPERATURE (F)
 YESTERDAY
  MAXIMUM         60    449 PM  84    1985  63     -3       56
                                      1957
  MINIMUM         26R   538 AM  27    1981  39    -13       49
                                      1962
                                      1956
  AVERAGE         43                        51     -8       53

PRECIPITATION (IN)
  YESTERDAY        0.00          2.17 1991   0.12  -0.12     0.24
  MONTH TO DATE    2.26                      2.65  -0.39     2.01
  SINCE MAR 1      4.49                      6.22  -1.73     7.32
  SINCE JAN 1     11.85                     11.96  -0.11    12.19

DEGREE DAYS
 HEATING
  YESTERDAY       22                        14      8       12
  MONTH TO DATE  509                       379    130      292
  SINCE MAR 1   1357                      1253    104     1287
  SINCE JUL 1   5669                      5824   -155     5329

 COOLING
  YESTERDAY        0                         0      0        0
  MONTH TO DATE    0                         0      0        4
  SINCE MAR 1      0                         0      0        4
  SINCE JAN 1      0                         0      0        4
..................................................................


WIND (MPH)
  HIGHEST WIND SPEED    20   HIGHEST WIND DIRECTION    NW (330)
  HIGHEST GUST SPEED    24   HIGHEST GUST DIRECTION    NW (320)
  AVERAGE WIND SPEED     5.2


SKY COVER
  AVERAGE SKY COVER 0.0



RELATIVE HUMIDITY (PERCENT)
 HIGHEST    92           600 AM
 LOWEST     18           500 PM
 AVERAGE    55

..........................................................


THE POUGHKEEPSIE NY CLIMATE NORMALS FOR TODAY
                         NORMAL    RECORD    YEAR
 MAXIMUM TEMPERATURE (F)   64        87      1985
                                             1973
 MINIMUM TEMPERATURE (F)   39        24      1981


SUNRISE AND SUNSET
APRIL 22 2018.........SUNRISE   605 AM EDT   SUNSET   744 PM EDT
APRIL 23 2018.........SUNRISE   603 AM EDT   SUNSET   745 PM EDT


-  INDICATES NEGATIVE NUMBERS.
R  INDICATES RECORD WAS SET OR TIED.
MM INDICATES DATA IS MISSING.
T  INDICATES TRACE AMOUNT.




$$
