000
CDUS46 KSGX 232322
CLIPSP


CLIMATE REPORT
NATIONAL WEATHER SERVICE SAN DIEGO, CA
422 PM PDT MON APR 23 2018


...................................

...THE PALM SPRINGS INTL AIRPORT CA CLIMATE SUMMARY FOR APRIL 23 2018...
VALID TODAY AS OF 0400 PM LOCAL TIME.

CLIMATE NORMAL PERIOD 1981 TO 2010
CLIMATE RECORD PERIOD 1893 TO 2018


WEATHER ITEM   OBSERVED TIME   RECORD YEAR NORMAL DEPARTURE LAST
                VALUE   (LST)  VALUE       VALUE  FROM      YEAR
                                                  NORMAL
..................................................................
TEMPERATURE (F)
 TODAY
  MAXIMUM         99    243 PM 105    1949  87     12       99
  MINIMUM         67    421 AM  41    1967  59      8       67
                                      1932
  AVERAGE         83                        73     10       83

PRECIPITATION (IN)
  TODAY            0.00          T    2000   0.00   0.00     0.00
                                      1999
                                      1980
  MONTH TO DATE    0.00                      0.09  -0.09     0.00
  SINCE OCT 1      1.69                      4.58  -2.89     6.97
  SINCE JAN 1      1.69                      2.73  -1.04     5.18

DEGREE DAYS
 HEATING
  TODAY            0                         0      0        0
  MONTH TO DATE    0                        17    -17        0
  SINCE MAR 1     42                        90    -48       19
  SINCE JUL 1    335                       868   -533      679

 COOLING
  TODAY           18                         8     10       18
  MONTH TO DATE  265                       137    128      258
  SINCE MAR 1    386                       230    156      504
  SINCE JAN 1    499                       257    242      549
..................................................................


WIND (MPH)
  RESULTANT WIND SPEED   4   RESULTANT WIND DIRECTION  SE (120)
  HIGHEST WIND SPEED    15   HIGHEST WIND DIRECTION     E (110)
  HIGHEST GUST SPEED    19   HIGHEST GUST DIRECTION    SE (120)
  AVERAGE WIND SPEED     4.2


SKY COVER
  POSSIBLE SUNSHINE  MM
  AVERAGE SKY COVER 0.0


WEATHER CONDITIONS
 THE FOLLOWING WEATHER WAS RECORDED TODAY.
  NO SIGNIFICANT WEATHER WAS OBSERVED.


RELATIVE HUMIDITY (PERCENT)
 HIGHEST    34           500 AM
 LOWEST      8           200 PM
 AVERAGE    21

..........................................................


THE PALM SPRINGS INTL AIRPORT CA CLIMATE NORMALS FOR TOMORROW
                         NORMAL    RECORD    YEAR
 MAXIMUM TEMPERATURE (F)   87       102      1996
                                             1949
                                             1946
 MINIMUM TEMPERATURE (F)   59        43      1960


SUNRISE AND SUNSET
APRIL 23 2018.........SUNRISE   606 AM PDT   SUNSET   723 PM PDT
APRIL 24 2018.........SUNRISE   605 AM PDT   SUNSET   724 PM PDT


-  INDICATES NEGATIVE NUMBERS.
R  INDICATES RECORD WAS SET OR TIED.
MM INDICATES DATA IS MISSING.
T  INDICATES TRACE AMOUNT.




$$
