000
CDUS46 KSGX 230023
CLIRAL


CLIMATE REPORT
NATIONAL WEATHER SERVICE SAN DIEGO, CA
522 PM PDT SUN APR 22 2018


...................................

...THE RIVERSIDE MUNI AIRPORT CA CLIMATE SUMMARY FOR APRIL 22 2018...
VALID TODAY AS OF 0500 PM LOCAL TIME.

CLIMATE NORMAL PERIOD 1981 TO 2010
CLIMATE RECORD PERIOD 1893 TO 2018


WEATHER ITEM   OBSERVED TIME   RECORD YEAR NORMAL DEPARTURE LAST
                VALUE   (LST)  VALUE       VALUE  FROM      YEAR
                                                  NORMAL
..................................................................
TEMPERATURE (F)
 TODAY
  MAXIMUM         90   1216 PM 100    1910  77     13       95
  MINIMUM         56    555 AM  31    1932  52      4       59
  AVERAGE         73                        64      9       77

PRECIPITATION (IN)
  TODAY            0.00          0.49 1914   0.03  -0.03     0.00
  MONTH TO DATE    T                         0.57  -0.57     0.10
  SINCE OCT 1      4.08                     11.37  -7.29    13.19
  SINCE JAN 1      4.05                      8.56  -4.51     7.93

DEGREE DAYS
 HEATING
  TODAY            0                         3     -3        0
  MONTH TO DATE   39                        88    -49       30
  SINCE MAR 1    224                       293    -69      128
  SINCE JUL 1    784                      1401   -617     1092

 COOLING
  TODAY            8                         2      6       12
  MONTH TO DATE   56                        26     30       51
  SINCE MAR 1     68                        38     30      110
  SINCE JAN 1    104                        47     57      110
..................................................................


WIND (MPH)
  RESULTANT WIND SPEED   4   RESULTANT WIND DIRECTION   W (280)
  HIGHEST WIND SPEED    23   HIGHEST WIND DIRECTION     W (260)
  HIGHEST GUST SPEED    29   HIGHEST GUST DIRECTION     W (270)
  AVERAGE WIND SPEED     5.9


SKY COVER
  POSSIBLE SUNSHINE  MM
  AVERAGE SKY COVER 0.1


WEATHER CONDITIONS
 THE FOLLOWING WEATHER WAS RECORDED TODAY.
  NO SIGNIFICANT WEATHER WAS OBSERVED.


RELATIVE HUMIDITY (PERCENT)
 HIGHEST    61           400 AM
 LOWEST     15          1100 AM
 AVERAGE    38

..........................................................


THE RIVERSIDE MUNI AIRPORT CA CLIMATE NORMALS FOR TOMORROW
                         NORMAL    RECORD    YEAR
 MAXIMUM TEMPERATURE (F)   77       103      1910
 MINIMUM TEMPERATURE (F)   52        35      1932


SUNRISE AND SUNSET
APRIL 22 2018.........SUNRISE   610 AM PDT   SUNSET   727 PM PDT
APRIL 23 2018.........SUNRISE   609 AM PDT   SUNSET   727 PM PDT


-  INDICATES NEGATIVE NUMBERS.
R  INDICATES RECORD WAS SET OR TIED.
MM INDICATES DATA IS MISSING.
T  INDICATES TRACE AMOUNT.




$$
