000
CDUS43 KUNR 240903
CLIRAP


CLIMATE REPORT
NATIONAL WEATHER SERVICE RAPID CITY SD
301 AM MDT THU MAY 24 2018


...................................

...THE RAPID CITY AIRPORT SD CLIMATE SUMMARY FOR MAY 23 2018...

CLIMATE NORMAL PERIOD 1981 TO 2010
CLIMATE RECORD PERIOD 1942 TO 2018


WEATHER ITEM   OBSERVED TIME   RECORD YEAR NORMAL DEPARTURE LAST
                VALUE   (LST)  VALUE       VALUE  FROM      YEAR
                                                  NORMAL
..................................................................
TEMPERATURE (F)
 YESTERDAY
  MAXIMUM         78    324 PM  87    1960  70      8       65
                                      1951
  MINIMUM         54    359 AM  24    2002  45      9       37
  AVERAGE         66                        57      9       51

PRECIPITATION (IN)
  YESTERDAY        0.17          2.35 1946   0.11   0.06     0.00
  MONTH TO DATE    2.23                      2.35  -0.12     1.09
  SINCE MAR 1      5.28                      5.08   0.20     3.39
  SINCE JAN 1      6.24                      5.82   0.42     4.20

SNOWFALL (IN)
  YESTERDAY        0.0           T    1949   0.0    0.0      0.0
                                      1949
  MONTH TO DATE    0.0                       1.1   -1.1      0.0
  SINCE MAR 1     30.3                      17.7   12.6      5.2
  SINCE JUL 1     60.1                      41.1   19.0     35.7
  SNOW DEPTH       0

DEGREE DAYS
 HEATING
  YESTERDAY        0                         8     -8       14
  MONTH TO DATE  203                       267    -64      244
  SINCE MAR 1   1984                      1786    198     1609
  SINCE JUL 1   7504                      6996    508     6665

 COOLING
  YESTERDAY        1                         0      1        0
  MONTH TO DATE    6                         0      6       12
  SINCE MAR 1      7                         2      5       12
  SINCE JAN 1      7                         2      5       12
..................................................................


WIND (MPH)
  HIGHEST WIND SPEED    33   HIGHEST WIND DIRECTION     S (180)
  HIGHEST GUST SPEED    41   HIGHEST GUST DIRECTION     S (180)
  AVERAGE WIND SPEED    10.9


SKY COVER
  AVERAGE SKY COVER 0.3


WEATHER CONDITIONS
 THE FOLLOWING WEATHER WAS RECORDED YESTERDAY.
  THUNDERSTORM
  HEAVY RAIN
  RAIN
  LIGHT RAIN
  FOG


RELATIVE HUMIDITY (PERCENT)
 HIGHEST   100           400 AM
 LOWEST     38           600 PM
 AVERAGE    69

..........................................................


THE RAPID CITY AIRPORT SD CLIMATE NORMALS FOR TODAY
                         NORMAL    RECORD    YEAR
 MAXIMUM TEMPERATURE (F)   70        89      1985
 MINIMUM TEMPERATURE (F)   45        23      2002


SUNRISE AND SUNSET
MAY 24 2018...........SUNRISE   518 AM MDT   SUNSET   821 PM MDT
MAY 25 2018...........SUNRISE   517 AM MDT   SUNSET   822 PM MDT


-  INDICATES NEGATIVE NUMBERS.
R  INDICATES RECORD WAS SET OR TIED.
MM INDICATES DATA IS MISSING.
T  INDICATES TRACE AMOUNT.




$$
