000
CDUS46 KMFR 220850
CLIRBG


CLIMATE REPORT
NATIONAL WEATHER SERVICE MEDFORD, OR
150 AM PDT TUE MAY 22 2018


...................................

...THE ROSEBURG OR CLIMATE SUMMARY FOR MAY 21 2018...

CLIMATE NORMAL PERIOD 1981 TO 2010
CLIMATE RECORD PERIOD 1931 TO 2018


WEATHER ITEM   OBSERVED TIME   RECORD YEAR NORMAL DEPARTURE LAST
                VALUE   (LST)  VALUE       VALUE  FROM      YEAR
                                                  NORMAL
..................................................................
TEMPERATURE (F)
 YESTERDAY
  MAXIMUM         76    532 PM  88    2001  71      5       85
                                      1958
                                      1951
  MINIMUM         49    234 AM  36    1960  48      1       48
  AVERAGE         63                        60      3       67

PRECIPITATION (IN)
  YESTERDAY        0.00          1.02 1998   0.07  -0.07     0.00
  MONTH TO DATE    0.27                      1.61  -1.34     1.14
  SINCE OCT 1     21.04                     32.62 -11.58    41.55
  SINCE JAN 1     12.67                     16.97  -4.30    22.63

SNOWFALL (IN)
  YESTERDAY        0.0                      MM     MM       MM
  MONTH TO DATE    0.0                      MM     MM       MM
  SINCE JUL 1      0.0                      MM     MM       MM
  SNOW DEPTH       0

DEGREE DAYS
 HEATING
  YESTERDAY        2                         6     -4        0
  MONTH TO DATE   60                       163   -103      145
  SINCE MAR 1    928                      1058   -130      958
  SINCE JUL 1   3682                      3927   -245     3674

 COOLING
  YESTERDAY        0                         1     -1        2
  MONTH TO DATE   10                         9      1       15
  SINCE MAR 1     16                        10      6       15
  SINCE JAN 1     16                        10      6       15
..................................................................


WIND (MPH)
  RESULTANT WIND SPEED   3   RESULTANT WIND DIRECTION   N (360)
  HIGHEST WIND SPEED    13   HIGHEST WIND DIRECTION     N (350)
  HIGHEST GUST SPEED    18   HIGHEST GUST DIRECTION     N (10)
  AVERAGE WIND SPEED     3.6


SKY COVER
  POSSIBLE SUNSHINE  MM
  AVERAGE SKY COVER 0.4


WEATHER CONDITIONS
 THE FOLLOWING WEATHER WAS RECORDED YESTERDAY.
  NO SIGNIFICANT WEATHER WAS OBSERVED.


RELATIVE HUMIDITY (PERCENT)
 HIGHEST    83           700 AM
 LOWEST     29           600 PM
 AVERAGE    56

..........................................................


THE ROSEBURG OR CLIMATE NORMALS FOR TODAY
                         NORMAL    RECORD    YEAR
 MAXIMUM TEMPERATURE (F)   71        99      2001
 MINIMUM TEMPERATURE (F)   48        34      1960


SUNRISE AND SUNSET
MAY 22 2018...........SUNRISE   543 AM PDT   SUNSET   838 PM PDT
MAY 23 2018...........SUNRISE   542 AM PDT   SUNSET   839 PM PDT


-  INDICATES NEGATIVE NUMBERS.
R  INDICATES RECORD WAS SET OR TIED.
MM INDICATES DATA IS MISSING.
T  INDICATES TRACE AMOUNT.




$$
