000
CDUS45 KRIW 240741
CLIRKS


CLIMATE REPORT
NATIONAL WEATHER SERVICE RIVERTON WY
140 AM MDT TUE APR 24 2018


...................................

...THE ROCK SPRINGS WY CLIMATE SUMMARY FOR APRIL 23 2018...

CLIMATE NORMAL PERIOD 1981 TO 2010
CLIMATE RECORD PERIOD 1948 TO 2018


WEATHER ITEM   OBSERVED TIME   RECORD YEAR NORMAL DEPARTURE LAST
                VALUE   (LST)  VALUE       VALUE  FROM      YEAR
                                                  NORMAL
..................................................................
TEMPERATURE (F)
 YESTERDAY
  MAXIMUM         61    228 PM  79    2012  56      5       68
  MINIMUM         31   1109 PM  11    2013  31      0       31
  AVERAGE         46                        44      2       50

PRECIPITATION (IN)
  YESTERDAY        T             0.41 1999   0.03  -0.03     0.15
  MONTH TO DATE    0.14                      0.66  -0.52     0.34
  SINCE MAR 1      0.48                      1.34  -0.86     1.77
  SINCE JAN 1      0.67                      2.27  -1.60     2.67

DEGREE DAYS
 HEATING
  YESTERDAY       19                        21     -2       15
  MONTH TO DATE  544                       561    -17      487
  SINCE MAR 1   1465                      1538    -73     1267
  SINCE JUL 1   6731                      7390   -659     7005

 COOLING
  YESTERDAY        0                         0      0        0
  MONTH TO DATE    0                         0      0        0
  SINCE MAR 1      0                         0      0        0
  SINCE JAN 1      0                         0      0        0
..................................................................


WIND (MPH)
  HIGHEST WIND SPEED    32   HIGHEST WIND DIRECTION     W (290)
  HIGHEST GUST SPEED    41   HIGHEST GUST DIRECTION     W (290)
  AVERAGE WIND SPEED    16.1


SKY COVER
  POSSIBLE SUNSHINE  MM
  AVERAGE SKY COVER 0.2


WEATHER CONDITIONS
 THE FOLLOWING WEATHER WAS RECORDED YESTERDAY.
  LIGHT RAIN


RELATIVE HUMIDITY (PERCENT)
 HIGHEST    78          1100 PM
 LOWEST     17           400 PM
 AVERAGE    48

..........................................................


THE ROCK SPRINGS WY CLIMATE NORMALS FOR TODAY
                         NORMAL    RECORD    YEAR
 MAXIMUM TEMPERATURE (F)   56        78      2012
 MINIMUM TEMPERATURE (F)   31        15      1958


SUNRISE AND SUNSET
APRIL 24 2018.........SUNRISE   623 AM MDT   SUNSET   807 PM MDT
APRIL 25 2018.........SUNRISE   621 AM MDT   SUNSET   808 PM MDT


-  INDICATES NEGATIVE NUMBERS.
R  INDICATES RECORD WAS SET OR TIED.
MM INDICATES DATA IS MISSING.
T  INDICATES TRACE AMOUNT.




$$
