000
CDUS42 KFFC 250817
CLIRMG


CLIMATE REPORT
NATIONAL WEATHER SERVICE PEACHTREE CITY GA
416 AM EDT WED APR 25 2018


...................................

...THE ROME  CLIMATE SUMMARY FOR APRIL 24 2018...

CLIMATE NORMAL PERIOD 1981 TO 2010
CLIMATE RECORD PERIOD 9999 TO 9999


WEATHER ITEM   OBSERVED TIME   RECORD YEAR NORMAL DEPARTURE LAST
                VALUE   (LST)  VALUE       VALUE  FROM      YEAR
                                                  NORMAL
..................................................................
TEMPERATURE (F)
 YESTERDAY
  MAXIMUM         69    419 PM  MM      MM  75     -6       71
  MINIMUM         56   1159 PM  MM      MM  49      7       55
  AVERAGE         63                        62      1       63

PRECIPITATION (IN)
  YESTERDAY        0.65         MM      MM   0.15   0.50     0.25
  MONTH TO DATE    4.12                      3.09   1.03     5.65
  SINCE MAR 1      7.86                      8.04  -0.18     9.96
  SINCE JAN 1     16.69                     17.73  -1.04    21.22

SNOWFALL (IN)
  YESTERDAY        0.0          MM      MM  MM     MM        0.0
  MONTH TO DATE    0.0                      MM     MM        0.0
  SINCE MAR 1      0.0                      MM     MM        0.0
  SINCE JUL 1      0.0                      MM     MM         T
  SNOW DEPTH      MM

DEGREE DAYS
 HEATING
  YESTERDAY        2                         5     -3        2
  MONTH TO DATE  173                       165      8       59
  SINCE MAR 1    572                       570      2      374
  SINCE JUL 1   2861                      3192   -331     2083

 COOLING
  YESTERDAY        0                         1     -1        0
  MONTH TO DATE    7                        20    -13       76
  SINCE MAR 1     10                        24    -14      103
  SINCE JAN 1     36                        24     12      103
..................................................................


WIND (MPH)
  RESULTANT WIND SPEED   3   RESULTANT WIND DIRECTION   W (290)
  HIGHEST WIND SPEED    14   HIGHEST WIND DIRECTION     W (290)
  HIGHEST GUST SPEED    18   HIGHEST GUST DIRECTION     W (270)
  AVERAGE WIND SPEED     4.4


SKY COVER
  AVERAGE SKY COVER 0.9


WEATHER CONDITIONS
 THE FOLLOWING WEATHER WAS RECORDED YESTERDAY.
  HEAVY RAIN
  RAIN
  LIGHT RAIN
  FOG
  HAZE


RELATIVE HUMIDITY (PERCENT)
 HIGHEST   100          1200 AM
 LOWEST     68           600 PM
 AVERAGE    84

..........................................................


THE ROME  CLIMATE NORMALS FOR TODAY
                         NORMAL    RECORD    YEAR
 MAXIMUM TEMPERATURE (F)   75        MM        MM
 MINIMUM TEMPERATURE (F)   49        MM        MM


SUNRISE AND SUNSET
APRIL 25 2018.........SUNRISE   657 AM EDT   SUNSET   820 PM EDT
APRIL 26 2018.........SUNRISE   656 AM EDT   SUNSET   821 PM EDT


-  INDICATES NEGATIVE NUMBERS.
R  INDICATES RECORD WAS SET OR TIED.
MM INDICATES DATA IS MISSING.
T  INDICATES TRACE AMOUNT.




$$
