000
CDUS45 KREV 230047
CLIRNO


CLIMATE REPORT
NATIONAL WEATHER SERVICE RENO NV
547 PM PDT SUN APR 22 2018


...................................

...THE RENO-TAHOE INTL AIRPORT NV CLIMATE SUMMARY FOR APRIL 22 2018...
VALID TODAY AS OF 0500 PM LOCAL TIME.

CLIMATE NORMAL PERIOD 1981 TO 2010
CLIMATE RECORD PERIOD 1888 TO 2018


WEATHER ITEM   OBSERVED TIME   RECORD YEAR NORMAL DEPARTURE LAST
                VALUE   (LST)  VALUE       VALUE  FROM      YEAR
                                                  NORMAL
..................................................................
TEMPERATURE (F)
 TODAY
  MAXIMUM         80    120 PM  90    2012  66     14       75
  MINIMUM         47    511 AM  16    1968  39      8       40
                                      1896
  AVERAGE         64                        52     12       58

PRECIPITATION (IN)
  TODAY            0.00          1.00 1931   0.01  -0.01     0.00
  MONTH TO DATE    0.51                      0.34   0.17     0.65
  SINCE OCT 1      5.30                      5.51  -0.21    14.30
  SINCE JAN 1      3.73                      3.15   0.58    10.51

SNOWFALL (IN)
  TODAY            0.0           4.0  1964   0.0    0.0      0.0
  MONTH TO DATE    0.2                       0.4   -0.2       T
  SINCE MAR 1     20.1                       2.4   17.7      2.9
  SINCE JUL 1     24.9                      21.4    3.5     27.0
  SNOW DEPTH       0

DEGREE DAYS
 HEATING
  TODAY            1                        13    -12        7
  MONTH TO DATE  281                       334    -53      305
  SINCE MAR 1    972                       932     40      806
  SINCE JUL 1   4239                      4570   -331     4179

 COOLING
  TODAY            0                         0      0        0
  MONTH TO DATE    0                         0      0        0
  SINCE MAR 1      0                         0      0        0
  SINCE JAN 1      0                         0      0        0
..................................................................


WIND (MPH)
  RESULTANT WIND SPEED   3   RESULTANT WIND DIRECTION   W (280)
  HIGHEST WIND SPEED    24   HIGHEST WIND DIRECTION     W (280)
  HIGHEST GUST SPEED    30   HIGHEST GUST DIRECTION    NW (310)
  AVERAGE WIND SPEED     4.5



WEATHER CONDITIONS
 THE FOLLOWING WEATHER WAS RECORDED TODAY.
  NO SIGNIFICANT WEATHER WAS OBSERVED.


RELATIVE HUMIDITY (PERCENT)
 HIGHEST    65           500 AM
 LOWEST     14          1200 PM
 AVERAGE    40

..........................................................


THE RENO-TAHOE INTL AIRPORT NV CLIMATE NORMALS FOR TOMORROW
                         NORMAL    RECORD    YEAR
 MAXIMUM TEMPERATURE (F)   66        84      1910
 MINIMUM TEMPERATURE (F)   39        19      1963
                                             1958


SUNRISE AND SUNSET
APRIL 22 2018.........SUNRISE   612 AM PDT   SUNSET   744 PM PDT
APRIL 23 2018.........SUNRISE   610 AM PDT   SUNSET   745 PM PDT


-  INDICATES NEGATIVE NUMBERS.
R  INDICATES RECORD WAS SET OR TIED.
MM INDICATES DATA IS MISSING.
T  INDICATES TRACE AMOUNT.




$$
