000
CDUS43 KIWX 270522
CLISBN


CLIMATE REPORT
NATIONAL WEATHER SERVICE NORTHERN INDIANA
122 AM EDT SUN MAY 27 2018


...................................

...THE SOUTH BEND CLIMATE SUMMARY FOR MAY 26 2018...

CLIMATE NORMAL PERIOD 1981 TO 2010
CLIMATE RECORD PERIOD 1893 TO 2018


WEATHER ITEM   OBSERVED TIME   RECORD YEAR NORMAL DEPARTURE LAST
                VALUE   (LST)  VALUE       VALUE  FROM      YEAR
                                                  NORMAL
..................................................................
TEMPERATURE (F)
 YESTERDAY
  MAXIMUM         85    402 PM  91    1914  73     12       71
  MINIMUM         66   1159 PM  33    1961  52     14       47
  AVERAGE         76                        62     14       59

PRECIPITATION (IN)
  YESTERDAY        0.08          2.13 1913   0.12  -0.04     0.64
  MONTH TO DATE    7.38                      3.16   4.22     4.92
  SINCE MAR 1     12.16                      8.81   3.35    12.24
  SINCE JAN 1     22.17                     13.05   9.12    19.23

SNOWFALL (IN)
  YESTERDAY        0.0           T    1961   0.0    0.0      0.0
  MONTH TO DATE    0.0                       0.0    0.0      0.0
  SINCE MAR 1      9.1                       8.5    0.6      8.5
  SINCE JUL 1     93.1                      66.6   26.5     42.2
  SNOW DEPTH       0

DEGREE DAYS
 HEATING
  YESTERDAY        0                         5     -5        6
  MONTH TO DATE   83                       203   -120      262
  SINCE MAR 1   1776                      1545    231     1514
  SINCE JUL 1   6469                      6234    235     5491

 COOLING
  YESTERDAY       11                         2      9        0
  MONTH TO DATE   43                        34      9       25
  SINCE MAR 1     43                        44     -1       36
  SINCE JAN 1     43                        44     -1       36
..................................................................


WIND (MPH)
  HIGHEST WIND SPEED    15   HIGHEST WIND DIRECTION     W (290)
  HIGHEST GUST SPEED    18   HIGHEST GUST DIRECTION    NW (300)
  AVERAGE WIND SPEED     5.3


SKY COVER
  AVERAGE SKY COVER 0.4


WEATHER CONDITIONS
 THE FOLLOWING WEATHER WAS RECORDED YESTERDAY.
  HEAVY RAIN
  LIGHT RAIN
  FOG


RELATIVE HUMIDITY (PERCENT)
 HIGHEST    90           700 AM
 LOWEST     43           500 PM
 AVERAGE    67

..........................................................


THE SOUTH BEND CLIMATE NORMALS FOR TODAY
                         NORMAL    RECORD    YEAR
 MAXIMUM TEMPERATURE (F)   73        97      2012
 MINIMUM TEMPERATURE (F)   52        30      1961


SUNRISE AND SUNSET
MAY 27 2018...........SUNRISE   616 AM EDT   SUNSET   909 PM EDT
MAY 28 2018...........SUNRISE   615 AM EDT   SUNSET   910 PM EDT


-  INDICATES NEGATIVE NUMBERS.
R  INDICATES RECORD WAS SET OR TIED.
MM INDICATES DATA IS MISSING.
T  INDICATES TRACE AMOUNT.




$$
