000
CDUS46 KOTX 210825
CLISFF


CLIMATE REPORT
NATIONAL WEATHER SERVICE SPOKANE, WA
125 AM PDT MON MAY 21 2018


...................................

...THE SPOKANE WA FELTS AIRPORT CLIMATE SUMMARY FOR MAY 20 2018...

CLIMATE NORMAL PERIOD 1981 TO 2010
CLIMATE RECORD PERIOD 9999 TO 9999


WEATHER ITEM   OBSERVED TIME   RECORD YEAR NORMAL DEPARTURE LAST
                VALUE   (LST)  VALUE       VALUE  FROM      YEAR
                                                  NORMAL
..................................................................
TEMPERATURE (F)
 YESTERDAY
  MAXIMUM         78    250 PM  MM      MM  69      9       69
  MINIMUM         46    405 AM  MM      MM  43      3       50
  AVERAGE         62                        56      6       60

PRECIPITATION (IN)
  YESTERDAY        0.00         MM      MM   0.06  -0.06     0.05
  MONTH TO DATE    0.71                      1.04  -0.33     1.40
  SINCE OCT 1     15.28                     13.38   1.90    21.00
  SINCE JAN 1      8.38                      7.18   1.20    11.91

SNOWFALL (IN)
  YESTERDAY       MM

DEGREE DAYS
 HEATING
  YESTERDAY        3                         9     -6        5
  MONTH TO DATE   87                       234   -147      227
  SINCE MAR 1   1343                      1518   -175     1422
  SINCE JUL 1   5660                      6089   -429     6018

 COOLING
  YESTERDAY        0                         0      0        0
  MONTH TO DATE    7                         0      7        1
  SINCE MAR 1      7                         0      7        1
  SINCE JAN 1      7                         0      7        1
..................................................................


WIND (MPH)
  HIGHEST WIND SPEED    10   HIGHEST WIND DIRECTION     W (290)
  HIGHEST GUST SPEED    14   HIGHEST GUST DIRECTION     W (290)
  AVERAGE WIND SPEED     2.2


SKY COVER
  POSSIBLE SUNSHINE  MM
  AVERAGE SKY COVER 0.4


WEATHER CONDITIONS
 THE FOLLOWING WEATHER WAS RECORDED YESTERDAY.
  NO SIGNIFICANT WEATHER WAS OBSERVED.


RELATIVE HUMIDITY (PERCENT)
 HIGHEST    93           100 AM
 LOWEST     33           200 PM
 AVERAGE    63

..........................................................


THE SPOKANE WA FELTS AIRPORT CLIMATE NORMALS FOR TODAY
                         NORMAL    RECORD    YEAR
 MAXIMUM TEMPERATURE (F)   69        MM        MM
 MINIMUM TEMPERATURE (F)   44        MM        MM


SUNRISE AND SUNSET
MAY 21 2018...........SUNRISE   505 AM PDT   SUNSET   828 PM PDT
MAY 22 2018...........SUNRISE   504 AM PDT   SUNSET   829 PM PDT


-  INDICATES NEGATIVE NUMBERS.
R  INDICATES RECORD WAS SET OR TIED.
MM INDICATES DATA IS MISSING.
T  INDICATES TRACE AMOUNT.




$$
