000
CDUS44 KSHV 230737
CLISHV


CLIMATE REPORT
NATIONAL WEATHER SERVICE SHREVEPORT, LA
236 AM CDT MON APR 23 2018


...................................

...THE SHREVEPORT CLIMATE SUMMARY FOR APRIL 22 2018...

CLIMATE NORMAL PERIOD 1981 TO 2010
CLIMATE RECORD PERIOD 1874 TO 2018


WEATHER ITEM   OBSERVED TIME   RECORD YEAR NORMAL DEPARTURE LAST
                VALUE   (LST)  VALUE       VALUE  FROM      YEAR
                                                  NORMAL
..................................................................
TEMPERATURE (F)
 YESTERDAY
  MAXIMUM         62    420 PM  90    2011  78    -16       74
  MINIMUM         52   1159 PM  38    1931  56     -4       53
  AVERAGE         57                        67    -10       64

PRECIPITATION (IN)
  YESTERDAY        0.22          4.08 1995   0.13   0.09     0.40
  MONTH TO DATE    5.73                      3.04   2.69     3.58
  SINCE DEC 1     27.14                     20.90   6.24    12.31
  SINCE JAN 1     23.02                     16.13   6.89     9.17

SNOWFALL (IN)
  YESTERDAY        0.0
  MONTH TO DATE    T
  SINCE MAR 1      T
  SINCE JUL 1      1.8
  SNOW DEPTH       0

DEGREE DAYS
 HEATING
  YESTERDAY        8                         2      6        1
  MONTH TO DATE  127                        76     51       18
  SINCE MAR 1    269                       327    -58      152
  SINCE JUL 1   2029                      2209   -180     1183

 COOLING
  YESTERDAY        0                         4     -4        0
  MONTH TO DATE   36                        59    -23      123
  SINCE MAR 1     98                        90      8      224
  SINCE JAN 1    136                       100     36      294
..................................................................


WIND (MPH)
  HIGHEST WIND SPEED    22   HIGHEST WIND DIRECTION    NW (310)
  HIGHEST GUST SPEED    26   HIGHEST GUST DIRECTION    NW (310)
  AVERAGE WIND SPEED     9.5


SKY COVER
  POSSIBLE SUNSHINE  MM
  AVERAGE SKY COVER 0.7


WEATHER CONDITIONS
 THE FOLLOWING WEATHER WAS RECORDED YESTERDAY.
  THUNDERSTORM
  HEAVY RAIN
  RAIN
  LIGHT RAIN
  FOG


RELATIVE HUMIDITY (PERCENT)
 HIGHEST   100           400 AM
 LOWEST     64           600 PM
 AVERAGE    82

..........................................................


THE SHREVEPORT CLIMATE NORMALS FOR TODAY
                         NORMAL    RECORD    YEAR
 MAXIMUM TEMPERATURE (F)   79        89      2011
                                             1988
                                             1925
 MINIMUM TEMPERATURE (F)   56        40      1884


SUNRISE AND SUNSET
APRIL 23 2018.........SUNRISE   637 AM CDT   SUNSET   751 PM CDT
APRIL 24 2018.........SUNRISE   636 AM CDT   SUNSET   751 PM CDT


-  INDICATES NEGATIVE NUMBERS.
R  INDICATES RECORD WAS SET OR TIED.
MM INDICATES DATA IS MISSING.
T  INDICATES TRACE AMOUNT.




$$
