000
CDUS44 KSJT 200837
CLISJT


CLIMATE REPORT
NATIONAL WEATHER SERVICE SAN ANGELO TX
337 AM CDT SUN MAY 20 2018


...................................

...THE SAN ANGELO CLIMATE SUMMARY FOR MAY 19 2018...

CLIMATE NORMAL PERIOD 1981 TO 2010
CLIMATE RECORD PERIOD 1907 TO 2018


WEATHER ITEM   OBSERVED TIME   RECORD YEAR NORMAL DEPARTURE LAST
                VALUE   (LST)  VALUE       VALUE  FROM      YEAR
                                                  NORMAL
..................................................................
TEMPERATURE (F)
 YESTERDAY
  MAXIMUM         87    528 PM 105    2003  88     -1       91
  MINIMUM         66    644 AM  46    1986  63      3       62
  AVERAGE         77                        75      2       77

PRECIPITATION (IN)
  YESTERDAY        T             1.94 1961   0.09  -0.09     0.68
  MONTH TO DATE    5.56                      1.50   4.06     1.60
  SINCE MAR 1      6.89                      4.42   2.47     3.31
  SINCE JAN 1      8.26                      6.70   1.56     6.02

DEGREE DAYS
 HEATING
  YESTERDAY        0                         0      0        0
  MONTH TO DATE    1                         8     -7        4
  SINCE MAR 1    254                       353    -99      178
  SINCE JUL 1   2092                      2314   -222     1502

 COOLING
  YESTERDAY       12                        11      1       12
  MONTH TO DATE  239                       161     78      165
  SINCE MAR 1    411                       312     99      439
  SINCE JAN 1    430                       317    113      466
..................................................................


WIND (MPH)
  HIGHEST WIND SPEED    21   HIGHEST WIND DIRECTION     S (190)
  HIGHEST GUST SPEED    29   HIGHEST GUST DIRECTION     S (190)
  AVERAGE WIND SPEED    10.3


SKY COVER
  POSSIBLE SUNSHINE  MM
  AVERAGE SKY COVER 0.4


WEATHER CONDITIONS
 THE FOLLOWING WEATHER WAS RECORDED YESTERDAY.
  THUNDERSTORM
  LIGHT RAIN


RELATIVE HUMIDITY (PERCENT)
 HIGHEST    87           700 AM
 LOWEST     48           500 PM
 AVERAGE    68

..........................................................


THE SAN ANGELO CLIMATE NORMALS FOR TODAY
                         NORMAL    RECORD    YEAR
 MAXIMUM TEMPERATURE (F)   88       104      1927
 MINIMUM TEMPERATURE (F)   63        49      1952
                                             1919


SUNRISE AND SUNSET
MAY 20 2018...........SUNRISE   643 AM CDT   SUNSET   834 PM CDT
MAY 21 2018...........SUNRISE   642 AM CDT   SUNSET   835 PM CDT


-  INDICATES NEGATIVE NUMBERS.
R  INDICATES RECORD WAS SET OR TIED.
MM INDICATES DATA IS MISSING.
T  INDICATES TRACE AMOUNT.




$$
