000
CDUS46 KPQR 201148
CLISLE


CLIMATE REPORT
NATIONAL WEATHER SERVICE PORTLAND OREGON
448 AM PDT SUN MAY 20 2018


...................................

...THE SALEM OR CLIMATE SUMMARY FOR MAY 19 2018...

CLIMATE NORMAL PERIOD 1981 TO 2010
CLIMATE RECORD PERIOD 1892 TO 2018


WEATHER ITEM   OBSERVED TIME   RECORD YEAR NORMAL DEPARTURE LAST
                VALUE   (LST)  VALUE       VALUE  FROM      YEAR
                                                  NORMAL
..................................................................
TEMPERATURE (F)
 YESTERDAY
  MAXIMUM         68    554 PM  88    1963  69     -1       77
  MINIMUM         51    100 AM  32    1982  45      6       48
  AVERAGE         60                        57      3       63

PRECIPITATION (IN)
  YESTERDAY        0.00          0.80 1968   0.07  -0.07     0.00
  MONTH TO DATE    0.19                      1.34  -1.15     1.62
  SINCE OCT 1     33.32                     35.05  -1.73    55.84
  SINCE JAN 1     18.22                     18.66  -0.44    32.54

DEGREE DAYS
 HEATING
  YESTERDAY        5                         8     -3        2
  MONTH TO DATE   89                       192   -103      194
  SINCE MAR 1   1054                      1195   -141     1145
  SINCE JUL 1   3979                      4435   -456     4303

 COOLING
  YESTERDAY        0                         0      0        0
  MONTH TO DATE    9                         0      9        7
  SINCE MAR 1      9                         0      9        7
  SINCE JAN 1      9                         0      9        7
..................................................................


WIND (MPH)
  HIGHEST WIND SPEED    12   HIGHEST WIND DIRECTION     W (270)
  HIGHEST GUST SPEED    15   HIGHEST GUST DIRECTION    NW (310)
  AVERAGE WIND SPEED     4.3


SKY COVER
  POSSIBLE SUNSHINE  MM
  AVERAGE SKY COVER 0.7


WEATHER CONDITIONS
 THE FOLLOWING WEATHER WAS RECORDED YESTERDAY.
  NO SIGNIFICANT WEATHER WAS OBSERVED.


RELATIVE HUMIDITY (PERCENT)
 HIGHEST    83           100 AM
 LOWEST     56           400 PM
 AVERAGE    70

..........................................................


THE SALEM OR CLIMATE NORMALS FOR TODAY
                         NORMAL    RECORD    YEAR
 MAXIMUM TEMPERATURE (F)   69        92      1963
 MINIMUM TEMPERATURE (F)   46        33      1975


SUNRISE AND SUNSET
MAY 20 2018...........SUNRISE   538 AM PDT   SUNSET   840 PM PDT
MAY 21 2018...........SUNRISE   537 AM PDT   SUNSET   841 PM PDT


-  INDICATES NEGATIVE NUMBERS.
R  INDICATES RECORD WAS SET OR TIED.
MM INDICATES DATA IS MISSING.
T  INDICATES TRACE AMOUNT.




$$
