000
CDUS46 KSGX 240022
CLISNA


CLIMATE REPORT
NATIONAL WEATHER SERVICE SAN DIEGO, CA
522 PM PDT WED MAY 23 2018


...................................

...THE JOHN WAYNE AIRPORT CA CLIMATE SUMMARY FOR MAY 23 2018...
VALID TODAY AS OF 0500 PM LOCAL TIME.

CLIMATE NORMAL PERIOD 1981 TO 2010
CLIMATE RECORD PERIOD 1999 TO 2018


WEATHER ITEM   OBSERVED TIME   RECORD YEAR NORMAL DEPARTURE LAST
                VALUE   (LST)  VALUE       VALUE  FROM      YEAR
                                                  NORMAL
..................................................................
TEMPERATURE (F)
 TODAY
  MAXIMUM         69    258 PM  79    2017  72     -3       79
  MINIMUM         60    526 AM  54    2008  59      1       60
  AVERAGE         65                        66     -1       70

PRECIPITATION (IN)
  TODAY            T             0.03 2008   0.00   0.00     0.00
  MONTH TO DATE    0.06                      0.22  -0.16     0.08
  SINCE OCT 1      2.77                     12.95 -10.18    15.88
  SINCE JAN 1      2.76                      8.87  -6.11     9.69

DEGREE DAYS
 HEATING
  TODAY            0                         1     -1        0
  MONTH TO DATE   35                        34      1       23
  SINCE MAR 1    242                       335    -93      137
  SINCE JUL 1    706                      1241   -535      878

 COOLING
  TODAY            0                         1     -1        5
  MONTH TO DATE   15                        23     -8       44
  SINCE MAR 1     42                        44     -2      105
  SINCE JAN 1     68                        52     16      105
..................................................................


WIND (MPH)
  RESULTANT WIND SPEED   3   RESULTANT WIND DIRECTION  SW (220)
  HIGHEST WIND SPEED    13   HIGHEST WIND DIRECTION    SW (220)
  HIGHEST GUST SPEED    17   HIGHEST GUST DIRECTION    SW (210)
  AVERAGE WIND SPEED     3.5


SKY COVER
  POSSIBLE SUNSHINE  MM
  AVERAGE SKY COVER 0.9


WEATHER CONDITIONS
 THE FOLLOWING WEATHER WAS RECORDED TODAY.
  FOG


RELATIVE HUMIDITY (PERCENT)
 HIGHEST    84          1200 AM
 LOWEST     61           200 PM
 AVERAGE    73

..........................................................


THE JOHN WAYNE AIRPORT CA CLIMATE NORMALS FOR TOMORROW
                         NORMAL    RECORD    YEAR
 MAXIMUM TEMPERATURE (F)   72        80      2006
 MINIMUM TEMPERATURE (F)   59        53      2008


SUNRISE AND SUNSET
MAY 23 2018...........SUNRISE   546 AM PDT   SUNSET   751 PM PDT
MAY 24 2018...........SUNRISE   545 AM PDT   SUNSET   752 PM PDT


-  INDICATES NEGATIVE NUMBERS.
R  INDICATES RECORD WAS SET OR TIED.
MM INDICATES DATA IS MISSING.
T  INDICATES TRACE AMOUNT.




$$
