000
CDUS46 KMTR 220832
CLISNS


CLIMATE REPORT
NATIONAL WEATHER SERVICE SAN FRANCISCO BAY AREA
132 AM PDT TUE MAY 22 2018


...................................

...THE SALINAS AIRPORT CLIMATE SUMMARY FOR MAY 21 2018...

CLIMATE NORMAL PERIOD 1981 TO 2010
CLIMATE RECORD PERIOD 1930 TO 2018


WEATHER ITEM   OBSERVED TIME   RECORD YEAR NORMAL DEPARTURE LAST
                VALUE   (LST)  VALUE       VALUE  FROM      YEAR
                                                  NORMAL
..................................................................
TEMPERATURE (F)
 YESTERDAY
  MAXIMUM         60    352 PM  94    2000  69     -9       72
  MINIMUM         53    659 AM  40    1971  51      2       50
  AVERAGE         57                        60     -3       61

PRECIPITATION (IN)
  YESTERDAY        T             0.61 2006   0.01  -0.01     0.00
  MONTH TO DATE    T                         0.27  -0.27      T
  SINCE OCT 1      7.13                     12.46  -5.33    16.36
  SINCE JAN 1      6.35                      8.55  -2.20    12.36

DEGREE DAYS
 HEATING
  YESTERDAY        8                         6      2        4
  MONTH TO DATE  110                       133    -23      107
  SINCE MAR 1    651                       708    -57      534
  SINCE JUL 1   2039                      2522   -483     2296

 COOLING
  YESTERDAY        0                         0      0        0
  MONTH TO DATE    0                         0      0       14
  SINCE MAR 1      6                         7     -1       18
  SINCE JAN 1      6                         7     -1       18
..................................................................


WIND (MPH)
  RESULTANT WIND SPEED  11   RESULTANT WIND DIRECTION   W (280)
  HIGHEST WIND SPEED    17   HIGHEST WIND DIRECTION     W (290)
  HIGHEST GUST SPEED    23   HIGHEST GUST DIRECTION     W (290)
  AVERAGE WIND SPEED    10.7


SKY COVER
  POSSIBLE SUNSHINE  MM
  AVERAGE SKY COVER 1.0


WEATHER CONDITIONS
 THE FOLLOWING WEATHER WAS RECORDED YESTERDAY.
  LIGHT RAIN
  FOG


RELATIVE HUMIDITY (PERCENT)
 HIGHEST    93           700 AM
 LOWEST     64           300 PM
 AVERAGE    79

..........................................................


THE SALINAS AIRPORT CLIMATE NORMALS FOR TODAY
                         NORMAL    RECORD    YEAR
 MAXIMUM TEMPERATURE (F)   69        88      1943
 MINIMUM TEMPERATURE (F)   51        36      1960


SUNRISE AND SUNSET
MAY 22 2018...........SUNRISE   554 AM PDT   SUNSET   813 PM PDT
MAY 23 2018...........SUNRISE   553 AM PDT   SUNSET   813 PM PDT


-  INDICATES NEGATIVE NUMBERS.
R  INDICATES RECORD WAS SET OR TIED.
MM INDICATES DATA IS MISSING.
T  INDICATES TRACE AMOUNT.




$$
