000
CDUS44 KOUN 210632 RRA
CLISPS

OUNCLISPS 000
TTAA00 KOUN 210629


CLIMATE REPORT
NATIONAL WEATHER SERVICE NORMAN OK
129 AM CDT MON MAY 21 2018


...................................

...THE WICHITA FALLS CLIMATE SUMMARY FOR MAY 20 2018...

CLIMATE NORMAL PERIOD 1981 TO 2010
CLIMATE RECORD PERIOD 1897 TO 2018


WEATHER ITEM   OBSERVED TIME   RECORD YEAR NORMAL DEPARTURE LAST
                VALUE   (LST)  VALUE       VALUE  FROM      YEAR
                                                  NORMAL
..................................................................
TEMPERATURE (F)
 YESTERDAY
  MAXIMUM         78    340 PM 101    1996  85     -7       76
  MINIMUM         62    156 AM  45    1971  61      1       57
  AVERAGE         70                        73     -3       67

PRECIPITATION (IN)
  YESTERDAY        0.58          3.41 1979   0.12   0.46     0.00
  MONTH TO DATE    4.22                      2.30   1.92     4.52
  SINCE MAR 1      8.55                      7.11   1.44     6.31
  SINCE JAN 1     11.41                     10.00   1.41    10.28

SNOWFALL (IN)
  YESTERDAY        0.0           T    2013   0.0    0.0      0.0
  MONTH TO DATE    0.0                       0.0    0.0      0.0
  SINCE MAR 1      0.0                       0.5   -0.5      0.0
  SINCE JUL 1      1.0                       3.9   -2.9       T

DEGREE DAYS
 HEATING
  YESTERDAY        0                         0      0        0
  MONTH TO DATE    0                        20    -20       12
  SINCE MAR 1    490                       519    -29      317
  SINCE JUL 1   2876                      2965    -89     2161

 COOLING
  YESTERDAY        5                         8     -3        2
  MONTH TO DATE  201                       120     81      116
  SINCE MAR 1    274                       209     65      247
  SINCE JAN 1    283                       212     71      265
..................................................................


WIND (MPH)
  HIGHEST WIND SPEED    18   HIGHEST WIND DIRECTION    NE (50)
  HIGHEST GUST SPEED    21   HIGHEST GUST DIRECTION     E (90)
  AVERAGE WIND SPEED     6.9


SKY COVER
  AVERAGE SKY COVER 0.4


WEATHER CONDITIONS
 THE FOLLOWING WEATHER WAS RECORDED YESTERDAY.
  THUNDERSTORM
  HEAVY RAIN
  RAIN
  LIGHT RAIN
  FOG


RELATIVE HUMIDITY (PERCENT)
 HIGHEST    93           500 AM
 LOWEST     60           400 PM
 AVERAGE    77

..........................................................


THE WICHITA FALLS CLIMATE NORMALS FOR TODAY
                         NORMAL    RECORD    YEAR
 MAXIMUM TEMPERATURE (F)   85       104      1953
 MINIMUM TEMPERATURE (F)   61        48      1967


SUNRISE AND SUNSET
MAY 21 2018...........SUNRISE   629 AM CDT   SUNSET   833 PM CDT
MAY 22 2018...........SUNRISE   628 AM CDT   SUNSET   834 PM CDT


-  INDICATES NEGATIVE NUMBERS.
R  INDICATES RECORD WAS SET OR TIED.
MM INDICATES DATA IS MISSING.
T  INDICATES TRACE AMOUNT.




$$
