372
CDUS44 KBMX 240741
CLITCL


CLIMATE REPORT
NATIONAL WEATHER SERVICE BIRMINGHAM, AL
240 AM CDT TUE APR 24 2018


...................................

...THE TUSCALOOSA CLIMATE SUMMARY FOR APRIL 23 2018...

CLIMATE NORMAL PERIOD 1981 TO 2010
CLIMATE RECORD PERIOD 1948 TO 2018


WEATHER ITEM   OBSERVED TIME   RECORD YEAR NORMAL DEPARTURE LAST
                VALUE   (LST)  VALUE       VALUE  FROM      YEAR
                                                  NORMAL
..................................................................
TEMPERATURE (F)
 YESTERDAY
  MAXIMUM         71    441 PM  90    1960  78     -7       63
  MINIMUM         56   1149 PM  35    1986  52      4       51
  AVERAGE         64                        65     -1       57

PRECIPITATION (IN)
  YESTERDAY        0.00          0.98 1967   0.13  -0.13     0.31
  MONTH TO DATE    7.09                      3.27   3.82     6.22
  SINCE MAR 1     10.91                      7.81   3.10     9.94
  SINCE JAN 1     22.71                     18.48   4.23    21.15

SNOWFALL (IN)
  YESTERDAY        0.0                       0.0    0.0
  MONTH TO DATE    0.0                       0.0    0.0
  SINCE MAR 1      0.0                       0.3   -0.3
  SINCE JUL 1      0.0                       0.7   -0.7

DEGREE DAYS
 HEATING
  YESTERDAY        1                         3     -2
  MONTH TO DATE  124                       106     18
  SINCE MAR 1    399                       400     -1
  SINCE JUL 1   2305                      2490   -185
..................................................................


WIND (MPH)
  HIGHEST WIND SPEED    18   HIGHEST WIND DIRECTION    SW (210)
  HIGHEST GUST SPEED    22   HIGHEST GUST DIRECTION     S (180)
  AVERAGE WIND SPEED     5.5


SKY COVER
  AVERAGE SKY COVER 0.8


WEATHER CONDITIONS
 THE FOLLOWING WEATHER WAS RECORDED YESTERDAY.
  NO SIGNIFICANT WEATHER WAS OBSERVED.


RELATIVE HUMIDITY (PERCENT)
 HIGHEST   100          1200 AM
 LOWEST     57           400 PM
 AVERAGE    79

..........................................................


THE TUSCALOOSA CLIMATE NORMALS FOR TODAY
                         NORMAL    RECORD    YEAR
 MAXIMUM TEMPERATURE (F)   78        89      1960
                                             1949
 MINIMUM TEMPERATURE (F)   53        36      1986


SUNRISE AND SUNSET
APRIL 24 2018.........SUNRISE   610 AM CDT   SUNSET   728 PM CDT
APRIL 25 2018.........SUNRISE   609 AM CDT   SUNSET   728 PM CDT


-  INDICATES NEGATIVE NUMBERS.
R  INDICATES RECORD WAS SET OR TIED.
MM INDICATES DATA IS MISSING.
T  INDICATES TRACE AMOUNT.




$$
