000
CDUS42 KTAE 260633
CLITLH


CLIMATE REPORT
NATIONAL WEATHER SERVICE TALLAHASSEE FL
231 AM EDT SAT MAY 26 2018

...................................

...THE TALLAHASSEE CLIMATE SUMMARY FOR MAY 25 2018...

CLIMATE NORMAL PERIOD 1981 TO 2010
CLIMATE RECORD PERIOD 1896 TO 2018


WEATHER ITEM   OBSERVED TIME   RECORD YEAR NORMAL DEPARTURE LAST
                VALUE   (LST)  VALUE       VALUE  FROM      YEAR
                                                  NORMAL
..................................................................
TEMPERATURE (F)
 YESTERDAY
  MAXIMUM         91    346 PM 100    1953  89      2       82
  MINIMUM         70    507 AM  48    1979  65      5       59
  AVERAGE         81                        77      4       71

PRECIPITATION (IN)
  YESTERDAY        0.00          2.54 1997   0.13  -0.13     0.00
  MONTH TO DATE    4.12                      2.53   1.59     5.50
  SINCE MAR 1     14.69                     11.53   3.16     9.86
  SINCE JAN 1     20.62                     20.72  -0.10    19.79

SNOWFALL (IN)
  YESTERDAY        0.0                       0.0    0.0

DEGREE DAYS
 HEATING
  YESTERDAY        0                                0
  MONTH TO DATE    0                               -3
  SINCE MAR 1    252                                2
  SINCE JUL 1   1331                             -262

 COOLING
  YESTERDAY       16                                4
  MONTH TO DATE  300                               81
  SINCE MAR 1    418                               60
  SINCE JAN 1    500                              128
..................................................................


WIND (MPH)
  HIGHEST WIND SPEED    23   HIGHEST WIND DIRECTION     E (100)
  HIGHEST GUST SPEED    27   HIGHEST GUST DIRECTION     E (100)
  AVERAGE WIND SPEED     4.0




RELATIVE HUMIDITY (PERCENT)
 HIGHEST    93
 LOWEST     44
 AVERAGE    69

..........................................................


THE TALLAHASSEE CLIMATE NORMALS FOR TODAY
                         NORMAL    RECORD    YEAR
 MAXIMUM TEMPERATURE (F)   89       100      2012
 MINIMUM TEMPERATURE (F)   65        41      1979


SUNRISE AND SUNSET
MAY 26 2018...........SUNRISE   638 AM EDT   SUNSET   832 PM EDT
MAY 27 2018...........SUNRISE   637 AM EDT   SUNSET   832 PM EDT


-  INDICATES NEGATIVE NUMBERS.
R  INDICATES RECORD WAS SET OR TIED.
MM INDICATES DATA IS MISSING.
T  INDICATES TRACE AMOUNT.

$$
