623
CDUS41 KPHI 230553
CLITTN


CLIMATE REPORT
NATIONAL WEATHER SERVICE MOUNT HOLLY NJ
153 AM EDT WED MAY 23 2018


...................................

...THE TRENTON NJ CLIMATE SUMMARY FOR MAY 22 2018...

CLIMATE NORMAL PERIOD 1981 TO 2010
CLIMATE RECORD PERIOD 1865 TO 2018


WEATHER ITEM   OBSERVED TIME   RECORD YEAR NORMAL DEPARTURE LAST
                VALUE   (LST)  VALUE       VALUE  FROM      YEAR
                                                  NORMAL
..................................................................
TEMPERATURE (F)
 YESTERDAY
  MAXIMUM         68   1205 PM  95    1941  74     -6       63
                                      1911
  MINIMUM         56    329 AM  36    2002  52      4       54
  AVERAGE         62                        63     -1       59

PRECIPITATION (IN)
  YESTERDAY        0.28          1.61 1894   0.18   0.10     0.41
  MONTH TO DATE    4.37                      2.72   1.65     3.72
  SINCE MAR 1     12.71                     10.40   2.31    11.49
  SINCE JAN 1     21.26                     15.87   5.39    16.23

DEGREE DAYS
 HEATING
  YESTERDAY        3                         4     -1        6
  MONTH TO DATE   55                       140    -85      153
  SINCE MAR 1   1333                      1294     39     1202
  SINCE JUL 1   4820                      5108   -288     4421

 COOLING
  YESTERDAY        0                         2     -2        0
  MONTH TO DATE   53                        27     26       47
  SINCE MAR 1     59                        35     24       78
  SINCE JAN 1     62                        35     27       78
..................................................................


WIND (MPH)
  HIGHEST WIND SPEED    10   HIGHEST WIND DIRECTION     S (160)
  HIGHEST GUST SPEED    14   HIGHEST GUST DIRECTION     S (170)
  AVERAGE WIND SPEED     2.9


SKY COVER
  POSSIBLE SUNSHINE  MM
  AVERAGE SKY COVER 0.8


WEATHER CONDITIONS
 THE FOLLOWING WEATHER WAS RECORDED YESTERDAY.
  HEAVY RAIN
  RAIN
  LIGHT RAIN
  FOG


RELATIVE HUMIDITY (PERCENT)
 HIGHEST    97          1000 PM
 LOWEST     67          1000 AM
 AVERAGE    82

..........................................................


THE TRENTON NJ CLIMATE NORMALS FOR TODAY
                         NORMAL    RECORD    YEAR
 MAXIMUM TEMPERATURE (F)   74        99      1911
 MINIMUM TEMPERATURE (F)   53        41      2006
                                             2002


SUNRISE AND SUNSET
MAY 23 2018...........SUNRISE   537 AM EDT   SUNSET   816 PM EDT
MAY 24 2018...........SUNRISE   536 AM EDT   SUNSET   817 PM EDT


-  INDICATES NEGATIVE NUMBERS.
R  INDICATES RECORD WAS SET OR TIED.
MM INDICATES DATA IS MISSING.
T  INDICATES TRACE AMOUNT.




$$
