000
CDUS44 KMEG 230640
CLITUP


CLIMATE REPORT
NATIONAL WEATHER SERVICE MEMPHIS TN
139 AM CDT WED MAY 23 2018


...................................

...THE TUPELO CLIMATE SUMMARY FOR MAY 22 2018...

CLIMATE NORMAL PERIOD 1981 TO 2010
CLIMATE RECORD PERIOD 1930 TO 2018


WEATHER ITEM   OBSERVED TIME   RECORD YEAR NORMAL DEPARTURE LAST
                VALUE   (LST)  VALUE       VALUE  FROM      YEAR
                                                  NORMAL
..................................................................
TEMPERATURE (F)
 YESTERDAY
  MAXIMUM         87    154 PM  95    1964  83      4       76
                                      1941
  MINIMUM         66    530 AM  43    2002  61      5       61
                                      1981
  AVERAGE         77                        72      5       69

PRECIPITATION (IN)
  YESTERDAY        0.00          2.58 1974   0.16  -0.16     0.29
  MONTH TO DATE    3.58                      4.07  -0.49     1.61
  SINCE MAR 1     14.96                     13.67   1.29    11.21
  SINCE JAN 1     31.31                     23.11   8.20    19.68

SNOWFALL (IN)
  YESTERDAY        0.0          MM      MM   0.0    0.0      0.0
  MONTH TO DATE    0.0                       0.0    0.0      0.0
  SINCE MAR 1      0.0                       0.3   -0.3       T
  SINCE JUL 1      0.8                       2.1   -1.3       T
  SNOW DEPTH       0

DEGREE DAYS
 HEATING
  YESTERDAY        0                         0      0        0
  MONTH TO DATE    0                        23    -23       23
  SINCE MAR 1    567                       524     43      364
  SINCE JUL 1   2891                      2955    -64     1982

 COOLING
  YESTERDAY       12                         8      4        4
  MONTH TO DATE  220                       121     99      112
  SINCE MAR 1    240                       195     45      257
  SINCE JAN 1    260                       197     63      269
..................................................................


WIND (MPH)
  HIGHEST WIND SPEED    15   HIGHEST WIND DIRECTION    NW (330)
  HIGHEST GUST SPEED    17   HIGHEST GUST DIRECTION    NW (330)
  AVERAGE WIND SPEED     3.7


SKY COVER
  POSSIBLE SUNSHINE  MM
  AVERAGE SKY COVER 0.3


WEATHER CONDITIONS
 THE FOLLOWING WEATHER WAS RECORDED YESTERDAY.
  THUNDERSTORM


RELATIVE HUMIDITY (PERCENT)
 HIGHEST   100           500 AM
 LOWEST     50           200 PM
 AVERAGE    75

..........................................................


THE TUPELO CLIMATE NORMALS FOR TODAY
                         NORMAL    RECORD    YEAR
 MAXIMUM TEMPERATURE (F)   84        95      1941
 MINIMUM TEMPERATURE (F)   62        45      1963


SUNRISE AND SUNSET
MAY 23 2018...........SUNRISE   548 AM CDT   SUNSET   756 PM CDT
MAY 24 2018...........SUNRISE   547 AM CDT   SUNSET   757 PM CDT


-  INDICATES NEGATIVE NUMBERS.
R  INDICATES RECORD WAS SET OR TIED.
MM INDICATES DATA IS MISSING.
T  INDICATES TRACE AMOUNT.


$$
