000
CDUS45 KTWC 270745
CLITUS

CLIMATE REPORT
NATIONAL WEATHER SERVICE TUCSON AZ
1244 AM MST FRI APR 27 2018

...................................

...THE TUCSON AZ CLIMATE SUMMARY FOR APRIL 26 2018...

CLIMATE NORMAL PERIOD 1981 TO 2010
CLIMATE RECORD PERIOD 1895 TO 2018


WEATHER ITEM   OBSERVED TIME   RECORD YEAR NORMAL DEPARTURE LAST
                VALUE   (LST)  VALUE       VALUE  FROM      YEAR
                                                  NORMAL
..................................................................
TEMPERATURE (F)
 YESTERDAY
  MAXIMUM         95    407 PM  99    1992  85     10       85
  MINIMUM         63    638 AM  34    1921  55      8       56
  AVERAGE         79                        70      9       71

PRECIPITATION (IN)
  YESTERDAY        0.00          0.16 2015   0.01  -0.01     0.00
  MONTH TO DATE    0.00                      0.29  -0.29      T
  SINCE OCT 1      2.57                      5.21  -2.64     3.27
  SINCE JAN 1      1.98                      2.82  -0.84     1.59

DEGREE DAYS
 HEATING
  YESTERDAY        0                         1     -1        0
  MONTH TO DATE   12                        56    -44       14
  SINCE MAR 1    115                       235   -120       61
  SINCE JUL 1    744                      1502   -758      942

 COOLING
  YESTERDAY       14                         6      8        6
  MONTH TO DATE  195                        95    100      182
  SINCE MAR 1    239                       124    115      326
  SINCE JAN 1    243                       128    115      335
..................................................................


WIND (MPH)
  HIGHEST WIND SPEED    14   HIGHEST WIND DIRECTION     N (340)
  HIGHEST GUST SPEED    20   HIGHEST GUST DIRECTION     N (340)
  AVERAGE WIND SPEED     5.7


SKY COVER
  POSSIBLE SUNSHINE  MM
  AVERAGE SKY COVER  MM


WEATHER CONDITIONS
 THE FOLLOWING WEATHER WAS RECORDED YESTERDAY.
  NO SIGNIFICANT WEATHER WAS OBSERVED.


RELATIVE HUMIDITY (PERCENT)
 HIGHEST    30
 LOWEST      7
 AVERAGE    19

..........................................................


THE TUCSON AZ CLIMATE NORMALS FOR TODAY
                         NORMAL    RECORD    YEAR
 MAXIMUM TEMPERATURE (F)   86       101      1992
 MINIMUM TEMPERATURE (F)   55        36      1920


SUNRISE AND SUNSET
APRIL 27 2018.........SUNRISE   541 AM MST   SUNSET   702 PM MST
APRIL 28 2018.........SUNRISE   540 AM MST   SUNSET   702 PM MST


-  INDICATES NEGATIVE NUMBERS.
R  INDICATES RECORD WAS SET OR TIED.
MM INDICATES DATA IS MISSING.
T  INDICATES TRACE AMOUNT.

$$
