041
CDUS44 KMRX 202119
CLITYS


CLIMATE REPORT
NATIONAL WEATHER SERVICE MORRISTOWN TN
519 PM EDT FRI APR 20 2018


...................................

...THE KNOXVILLE    ASOS CLIMATE SUMMARY FOR APRIL 20 2018...
VALID TODAY AS OF 0500 PM LOCAL TIME.

CLIMATE NORMAL PERIOD 1981 TO 2010
CLIMATE RECORD PERIOD 1871 TO 2018


WEATHER ITEM   OBSERVED TIME   RECORD YEAR NORMAL DEPARTURE LAST
                VALUE   (LST)  VALUE       VALUE  FROM      YEAR
                                                  NORMAL
..................................................................
TEMPERATURE (F)
 TODAY
  MAXIMUM         66    359 PM  87    2002  72     -6       81
  MINIMUM         36    628 AM  25    1983  49    -13       62
  AVERAGE         51                        60     -9       72

PRECIPITATION (IN)
  TODAY            0.00          1.99 1871   0.13  -0.13     0.26
  MONTH TO DATE    2.45                      2.63  -0.18     3.71
  SINCE MAR 1      7.59                      6.97   0.62     9.44
  SINCE JAN 1     17.41                     15.55   1.86    15.38

SNOWFALL (IN)
  TODAY            0.0                       0.0    0.0      0.0
  MONTH TO DATE    T                         0.5   -0.5      0.0
  SINCE MAR 1      T                         1.4   -1.4       T
  SINCE JUL 1      2.6                       6.5   -3.9      2.3
  SNOW DEPTH       0

DEGREE DAYS
 HEATING
  TODAY           14                         6      8        0
  MONTH TO DATE  218                       170     48       66
  SINCE MAR 1    723                       631     92      465
  SINCE JUL 1   3456                      3527    -71     2524

 COOLING
  TODAY            0                         1     -1        7
  MONTH TO DATE   12                        18     -6       48
  SINCE MAR 1     16                        23     -7       51
  SINCE JAN 1     34                        23     11       51
..................................................................


WIND (MPH)
  HIGHEST WIND SPEED    17   HIGHEST WIND DIRECTION    NE (30)
  HIGHEST GUST SPEED    23   HIGHEST GUST DIRECTION    NE (40)
  AVERAGE WIND SPEED     9.7


SKY COVER
  POSSIBLE SUNSHINE  MM
  AVERAGE SKY COVER 0.0


WEATHER CONDITIONS
 THE FOLLOWING WEATHER WAS RECORDED TODAY.
  NO SIGNIFICANT WEATHER WAS OBSERVED.


RELATIVE HUMIDITY (PERCENT)
 HIGHEST    82           600 AM
 LOWEST     26           400 PM
 AVERAGE    54

..........................................................


THE KNOXVILLE    ASOS CLIMATE NORMALS FOR TOMORROW
                         NORMAL    RECORD    YEAR
 MAXIMUM TEMPERATURE (F)   72        88      1946
 MINIMUM TEMPERATURE (F)   49        27      1983
                                             1904


SUNRISE AND SUNSET
APRIL 20 2018.........SUNRISE   657 AM EDT   SUNSET   814 PM EDT
APRIL 21 2018.........SUNRISE   655 AM EDT   SUNSET   814 PM EDT


-  INDICATES NEGATIVE NUMBERS.
R  INDICATES RECORD WAS SET OR TIED.
MM INDICATES DATA IS MISSING.
T  INDICATES TRACE AMOUNT.




$$
