506
CDUS46 KEKA 231213
CLIUKI


CLIMATE REPORT
NATIONAL WEATHER SERVICE EUREKA CA
513 AM PDT MON APR 23 2018


...................................

...THE UKIAH CA CLIMATE SUMMARY FOR APRIL 22 2018...

CLIMATE NORMAL PERIOD 1981 TO 2010
CLIMATE RECORD PERIOD 1903 TO 2018


WEATHER ITEM   OBSERVED TIME   RECORD YEAR NORMAL DEPARTURE LAST
                VALUE   (LST)  VALUE       VALUE  FROM      YEAR
                                                  NORMAL
..................................................................
TEMPERATURE (F)
 YESTERDAY
  MAXIMUM         83    326 PM  92    1954  70     13       67
  MINIMUM         45    601 AM  29    1920  43      2       45
  AVERAGE         64                        57      7       56

PRECIPITATION (IN)
  YESTERDAY        0.00          1.50 1988   0.09  -0.09     0.01
  MONTH TO DATE    4.86                      1.96   2.90     3.66
  SINCE OCT 1     23.53                     34.41 -10.88    51.49
  SINCE JAN 1     17.95                     21.03  -3.08    34.38

SNOWFALL (IN)
  YESTERDAY        0.0          MM      MM  MM     MM       MM
  MONTH TO DATE    0.0                      MM     MM        0.0
  SINCE MAR 1      0.0                      MM     MM        0.0
  SINCE JUL 1      0.0                      MM     MM        0.0
  SNOW DEPTH       0

DEGREE DAYS
 HEATING
  YESTERDAY        1                         9     -8        9
  MONTH TO DATE  203                       238    -35      225
  SINCE MAR 1    634                       652    -18      552
  SINCE JUL 1   2670                      2885   -215     2719

 COOLING
  YESTERDAY        0                         0      0        0
  MONTH TO DATE    0                         0      0        0
  SINCE MAR 1      1                         0      1        0
  SINCE JAN 1      1                         0      1        0
..................................................................


WIND (MPH)
  HIGHEST WIND SPEED    13   HIGHEST WIND DIRECTION     N (340)
  HIGHEST GUST SPEED    16   HIGHEST GUST DIRECTION     N (350)
  AVERAGE WIND SPEED     2.0


SKY COVER
  AVERAGE SKY COVER 0.0


WEATHER CONDITIONS
 THE FOLLOWING WEATHER WAS RECORDED YESTERDAY.
  NO SIGNIFICANT WEATHER WAS OBSERVED.


RELATIVE HUMIDITY (PERCENT)
 HIGHEST    92
 LOWEST     20
 AVERAGE    56

..........................................................


THE UKIAH CA CLIMATE NORMALS FOR TODAY
                         NORMAL    RECORD    YEAR
 MAXIMUM TEMPERATURE (F)   71        94      1927
 MINIMUM TEMPERATURE (F)   44        27      1920


SUNRISE AND SUNSET
APRIL 23 2018.........SUNRISE   625 AM PDT   SUNSET   758 PM PDT
APRIL 24 2018.........SUNRISE   623 AM PDT   SUNSET   759 PM PDT


-  INDICATES NEGATIVE NUMBERS.
R  INDICATES RECORD WAS SET OR TIED.
MM INDICATES DATA IS MISSING.
T  INDICATES TRACE AMOUNT.




$$
