449
CDUS43 KSGF 240646
CLIUNO


CLIMATE REPORT
NATIONAL WEATHER SERVICE SPRINGFIELD MO
145 AM CDT THU MAY 24 2018


...................................

...THE WEST PLAINS MO CLIMATE SUMMARY FOR MAY 23 2018...

CLIMATE NORMAL PERIOD 1981 TO 2010
CLIMATE RECORD PERIOD 1947 TO 2018


WEATHER ITEM   OBSERVED TIME   RECORD YEAR NORMAL DEPARTURE LAST
                VALUE   (LST)  VALUE       VALUE  FROM      YEAR
                                                  NORMAL
..................................................................
TEMPERATURE (F)
 YESTERDAY
  MAXIMUM         85    101 PM  95    2000  78      7       74
  MINIMUM         64    502 AM  36    1963  56      8       53
  AVERAGE         75                        67      8       64

PRECIPITATION (IN)
  YESTERDAY        0.06          1.49 1952   0.11  -0.05      T
  MONTH TO DATE    4.05                      3.90   0.15     5.09
  SINCE MAR 1     13.51                     12.67   0.84    29.31
  SINCE JAN 1     22.74                     18.23   4.51    33.94

DEGREE DAYS
 HEATING
  YESTERDAY        0                         2     -2        1
  MONTH TO DATE    0                        72    -72       72
  SINCE MAR 1    972                       870    102      663
  SINCE JUL 1   4217                      4334   -117     3312

 COOLING
  YESTERDAY       10                         4      6        0
  MONTH TO DATE  151                        57     94       60
  SINCE MAR 1    156                        85     71       88
  SINCE JAN 1    162                        85     77       89
..................................................................


WIND (MPH)
  HIGHEST WIND SPEED    26   HIGHEST WIND DIRECTION     S (170)
  HIGHEST GUST SPEED    37   HIGHEST GUST DIRECTION    SE (150)
  AVERAGE WIND SPEED     4.5


SKY COVER
  AVERAGE SKY COVER 0.1


WEATHER CONDITIONS
 THE FOLLOWING WEATHER WAS RECORDED YESTERDAY.
  THUNDERSTORM
  HEAVY RAIN
  RAIN
  LIGHT RAIN
  FOG
  HAZE


RELATIVE HUMIDITY (PERCENT)
 HIGHEST    93           100 AM
 LOWEST     58           200 PM
 AVERAGE    76

..........................................................


THE WEST PLAINS MO CLIMATE NORMALS FOR TODAY
                         NORMAL    RECORD    YEAR
 MAXIMUM TEMPERATURE (F)   78        94      2000
 MINIMUM TEMPERATURE (F)   57        39      1961


SUNRISE AND SUNSET
MAY 24 2018...........SUNRISE   554 AM CDT   SUNSET   816 PM CDT
MAY 25 2018...........SUNRISE   553 AM CDT   SUNSET   817 PM CDT


-  INDICATES NEGATIVE NUMBERS.
R  INDICATES RECORD WAS SET OR TIED.
MM INDICATES DATA IS MISSING.
T  INDICATES TRACE AMOUNT.




$$
